[Thu Jul 30 11:48:05.571506 2026] [security2:error] [pid 643573:tid 643827] [client 103.215.74.26:51790] ModSecurity: Access denied with code 406 (phase 2). Pattern match "(?:\\\\w ?(?:user|and)(\\\\w+)char ?\\\\([0-9]| \\\\b(?:execute|convert) ?\\\\(|; ?\\\\bdelete\\\\b.{1,100}?; ?(?:insert|declare @|varchar) ?|\\\\bdrop\\\\b .{1,100} table |(?:declare|convert) .{1,100} varchar\\\\(|null ?, ?null ?, ?(?:accesslevel|user_?name) ?,|\\\\bconcat ..." at ARGS:requests.requests.body.requests.requests.path. [file "/etc/httpd/modsecurity.d/10_asl_rules.conf"] [line "395"] [id "340157"] [rev "38"] [msg "Atomicorp.com WAF Rules: Generic SQL inline command protection"] [data "concat(,ARGS:requests.requests.body.requests.requests.path"] [severity "CRITICAL"] [tag "SQLi"] [hostname "carnetdeshopping.com"] [uri "/"] [unique_id "amuARfxWyxgRnoFKAJ_mbwAAAok"], referer: https://carnetdeshopping.com/
[Thu Jul 30 11:48:06.207749 2026] [security2:error] [pid 643573:tid 643834] [client 103.156.16.241:50996] ModSecurity: Warning. Pattern match "/(contact(o|.?us)?|wp-comments-post|(send)?.?(form.)?e?mail(er)?|memberlist|send|contact.form(.handler)?|thankyou|leafmailer[0-9.]*)\\\\.php" at REQUEST_URI. [file "/opt/mod_security/hg_rules.conf"] [line "1546"] [id "900923"] [msg "contact form logging"] [hostname "tereashops.com"] [uri "/wp-comments-post.php"] [unique_id "amuARvxWyxgRnoFKAJ_mfAAAApA"]
[Thu Jul 30 11:48:06.234521 2026] [core:notice] [pid 643573:tid 643836] AH00113: /home1/vdbnyxte/public_html/website_ab4e48f3/.htaccess:20 cannot use a full URL in a 401 ErrorDocument directive --- ignoring!
[Thu Jul 30 11:48:06.238185 2026] [security2:error] [pid 643573:tid 643836] [client 168.197.25.44:23516] ModSecurity: Warning. Pattern match "301|404|302" at RESPONSE_STATUS. [file "/opt/mod_security/hg_rules.conf"] [line "1570"] [id "900934"] [msg "404 php LOGGING"] [data "302"] [hostname "ejournalugj.com"] [uri "/index.php/signal/article/view/9507"] [unique_id "amuARfxWyxgRnoFKAJ_mdwAAApI"]
[Thu Jul 30 11:48:06.295355 2026] [core:notice] [pid 643573:tid 643725] AH00113: /home1/vdbnyxte/public_html/website_7c59acf7/.htaccess:23 cannot use a full URL in a 401 ErrorDocument directive --- ignoring!
[Thu Jul 30 11:48:06.299859 2026] [security2:error] [pid 643573:tid 643725] [client 103.215.74.26:51802] ModSecurity: Access denied with code 406 (phase 2). Pattern match "(?:\\\\w ?(?:user|and)(\\\\w+)char ?\\\\([0-9]| \\\\b(?:execute|convert) ?\\\\(|; ?\\\\bdelete\\\\b.{1,100}?; ?(?:insert|declare @|varchar) ?|\\\\bdrop\\\\b .{1,100} table |(?:declare|convert) .{1,100} varchar\\\\(|null ?, ?null ?, ?(?:accesslevel|user_?name) ?,|\\\\bconcat ..." at ARGS:requests.requests.body.requests.requests.path. [file "/etc/httpd/modsecurity.d/10_asl_rules.conf"] [line "395"] [id "340157"] [rev "38"] [msg "Atomicorp.com WAF Rules: Generic SQL inline command protection"] [data "concat(,ARGS:requests.requests.body.requests.requests.path"] [severity "CRITICAL"] [tag "SQLi"] [hostname "carnetdeshopping.com"] [uri "/"] [unique_id "amuARvxWyxgRnoFKAJ_mfQAAAiM"], referer: https://carnetdeshopping.com/
[Thu Jul 30 11:48:06.986994 2026] [security2:error] [pid 643573:tid 643611] [remote 57.141.0.67:59480] ModSecurity: Access denied with code 409 (phase 1). RBL lookup of 67.0.141.57.vulnscan.websitewelcome.com succeeded at REMOTE_ADDR. [file "/opt/mod_security/hg_rules.conf"] [line "1566"] [id "900933"] [msg "Vulnerability Scan RBL: vulnscan.websitewelcome.com"] [hostname "thdinfinity.com"] [uri "/search/6113126855/feed/rss2/"] [unique_id "amuARvxWyxgRnoFKAJ_miQACeR4"]
[Thu Jul 30 11:48:07.004583 2026] [security2:error] [pid 643573:tid 643658] [remote 74.7.241.60:44572] ModSecurity: Access denied with code 409 (phase 1). RBL lookup of 60.241.7.74.vulnscan.websitewelcome.com succeeded at REMOTE_ADDR. [file "/opt/mod_security/hg_rules.conf"] [line "1566"] [id "900933"] [msg "Vulnerability Scan RBL: vulnscan.websitewelcome.com"] [hostname "aded-rdc.org"] [uri "/author/aded/js/uploads/partners/uploads/partners/uploads/partners/js/article.php"] [unique_id "amuAR_xWyxgRnoFKAJ_migACUk0"], referer: https://aded-rdc.org/author/aded/js/uploads/partners/uploads/partners/uploads/partners/js/bootstrap.bundle.min.js
[Thu Jul 30 11:48:07.037439 2026] [core:notice] [pid 643573:tid 643636] AH00113: /home1/vdbnyxte/public_html/website_b7115048/.htaccess:12 cannot use a full URL in a 401 ErrorDocument directive --- ignoring!
[Thu Jul 30 11:48:07.045174 2026] [core:notice] [pid 643573:tid 643739] AH00113: /home1/vdbnyxte/public_html/website_7c59acf7/.htaccess:23 cannot use a full URL in a 401 ErrorDocument directive --- ignoring!
[Thu Jul 30 11:48:07.049350 2026] [security2:error] [pid 643573:tid 643739] [client 103.215.74.26:51816] ModSecurity: Access denied with code 406 (phase 2). Pattern match "(?:\\\\w ?(?:user|and)(\\\\w+)char ?\\\\([0-9]| \\\\b(?:execute|convert) ?\\\\(|; ?\\\\bdelete\\\\b.{1,100}?; ?(?:insert|declare @|varchar) ?|\\\\bdrop\\\\b .{1,100} table |(?:declare|convert) .{1,100} varchar\\\\(|null ?, ?null ?, ?(?:accesslevel|user_?name) ?,|\\\\bconcat ..." at ARGS:requests.requests.body.requests.requests.path. [file "/etc/httpd/modsecurity.d/10_asl_rules.conf"] [line "395"] [id "340157"] [rev "38"] [msg "Atomicorp.com WAF Rules: Generic SQL inline command protection"] [data "concat(,ARGS:requests.requests.body.requests.requests.path"] [severity "CRITICAL"] [tag "SQLi"] [hostname "carnetdeshopping.com"] [uri "/"] [unique_id "amuAR_xWyxgRnoFKAJ_mjAAAAjE"], referer: https://carnetdeshopping.com/
[Thu Jul 30 11:48:07.066086 2026] [security2:error] [pid 643573:tid 643834] [client 103.156.16.241:50996] ModSecurity: Warning. Pattern match "POST" at REQUEST_METHOD. [file "/opt/mod_security/hg_rules.conf"] [line "147"] [id "900404"] [msg "wp-comments-post POST logging"] [data "429"] [hostname "tereashops.com"] [uri "/wp-comments-post.php"] [unique_id "amuARvxWyxgRnoFKAJ_mfAAAApA"]
[Thu Jul 30 11:48:07.275817 2026] [security2:error] [pid 643573:tid 643656] [remote 2001:4490:4c45:dc24:94c3:b7bb:7bfb:46e1:0] ModSecurity: Access denied with code 406 (phase 2). Operator GT matched 0 at USER:bf_block. [file "/opt/mod_security/hg_rules.conf"] [line "1482"] [id "909121"] [msg "IP address blocked, too many xmlrpc.php failures"] [hostname "blsspainvisacenterpakistan.site"] [uri "/xmlrpc.php"] [unique_id "amuAR_xWyxgRnoFKAJ_mjwACdUs"]
[Thu Jul 30 11:48:07.276023 2026] [security2:error] [pid 643573:tid 643807] [client 2001:4490:4c45:dc24:94c3:b7bb:7bfb:46e1:0] ModSecurity: Warning. Pattern match "POST" at REQUEST_METHOD. [file "/opt/mod_security/hg_rules.conf"] [line "151"] [id "900405"] [msg "xmlrpc POST logging"] [data "406"] [hostname "blsspainvisacenterpakistan.site"] [uri "/xmlrpc.php"] [unique_id "amuAR_xWyxgRnoFKAJ_mjwACdUs"]
[Thu Jul 30 11:48:07.559331 2026] [security2:error] [pid 643573:tid 643763] [client 68.221.186.136:43963] ModSecurity: Access denied with code 409 (phase 1). RBL lookup of 136.186.221.68.vulnscan.websitewelcome.com succeeded at REMOTE_ADDR. [file "/opt/mod_security/hg_rules.conf"] [line "1566"] [id "900933"] [msg "Vulnerability Scan RBL: vulnscan.websitewelcome.com"] [hostname "cpcalendars.bonafideadvisors.com"] [uri "/nw.php"] [unique_id "amuAR_xWyxgRnoFKAJ_mkQAAAkk"]
[Thu Jul 30 11:48:07.625176 2026] [core:notice] [pid 643573:tid 643654] AH00113: /home1/vdbnyxte/public_html/website_b7115048/.htaccess:12 cannot use a full URL in a 401 ErrorDocument directive --- ignoring!
[Thu Jul 30 11:48:07.807747 2026] [core:notice] [pid 643573:tid 643742] AH00113: /home1/vdbnyxte/public_html/website_7c59acf7/.htaccess:23 cannot use a full URL in a 401 ErrorDocument directive --- ignoring!
[Thu Jul 30 11:48:07.812494 2026] [security2:error] [pid 643573:tid 643742] [client 103.215.74.26:51830] ModSecurity: Access denied with code 406 (phase 2). Pattern match "(?:\\\\b(?:alter|drop)\\\\b [a-z0-9]+ \\\\b(?:column|database|procedure|table)\\\\b|delete[[:space:]] .{1,100}+ update [a-z0-9]+ set .{1,100}+=|union all select |\\\\bunion\\\\b.{1,100}?\\\\bselect\\\\b.{0,200}[a-z0-9]+ from |select (?:load_file|char ?\\\\()|(?:insert|r ..." at ARGS:requests.requests.body.requests.requests.path. [file "/etc/httpd/modsecurity.d/10_asl_rules.conf"] [line "314"] [id "340144"] [rev "38"] [msg "Atomicorp.com WAF Rules: Generic SQL injection protection 2"] [data "742"] [severity "CRITICAL"] [tag "SQLi"] [hostname "carnetdeshopping.com"] [uri "/"] [unique_id "amuAR_xWyxgRnoFKAJ_mmwAAAjQ"], referer: https://carnetdeshopping.com/
[Thu Jul 30 11:48:08.312970 2026] [security2:error] [pid 643573:tid 643722] [client 2a03:2880:f800:1b:::0] ModSecurity: Warning. Pattern match "301|404|302" at RESPONSE_STATUS. [file "/opt/mod_security/hg_rules.conf"] [line "1570"] [id "900934"] [msg "404 php LOGGING"] [data "404"] [hostname "allmontecristi.com"] [uri "/index.php"] [unique_id "amuAR_xWyxgRnoFKAJ_mlQACIEw"]
[Thu Jul 30 11:48:08.337465 2026] [security2:error] [pid 643573:tid 643813] [client 68.221.186.136:43942] ModSecurity: Access denied with code 409 (phase 1). RBL lookup of 136.186.221.68.vulnscan.websitewelcome.com succeeded at REMOTE_ADDR. [file "/opt/mod_security/hg_rules.conf"] [line "1566"] [id "900933"] [msg "Vulnerability Scan RBL: vulnscan.websitewelcome.com"] [hostname "cpcalendars.bonafideadvisors.com"] [uri "/ova.php"] [unique_id "amuASPxWyxgRnoFKAJ_mpwAAAns"]
[Thu Jul 30 11:48:08.532192 2026] [core:notice] [pid 642360:tid 642514] AH00113: /home1/vdbnyxte/public_html/website_7c59acf7/.htaccess:23 cannot use a full URL in a 401 ErrorDocument directive --- ignoring!
[Thu Jul 30 11:48:08.536207 2026] [security2:error] [pid 642360:tid 642514] [client 103.215.74.26:51836] ModSecurity: Access denied with code 406 (phase 2). Pattern match "(?:\\\\b(?:alter|drop)\\\\b [a-z0-9]+ \\\\b(?:column|database|procedure|table)\\\\b|delete[[:space:]] .{1,100}+ update [a-z0-9]+ set .{1,100}+=|union all select |\\\\bunion\\\\b.{1,100}?\\\\bselect\\\\b.{0,200}[a-z0-9]+ from |select (?:load_file|char ?\\\\()|(?:insert|r ..." at ARGS:requests.requests.body.requests.requests.path. [file "/etc/httpd/modsecurity.d/10_asl_rules.conf"] [line "314"] [id "340144"] [rev "38"] [msg "Atomicorp.com WAF Rules: Generic SQL injection protection 2"] [data "744"] [severity "CRITICAL"] [tag "SQLi"] [hostname "carnetdeshopping.com"] [uri "/"] [unique_id "amuASJSUkh3e5AhEJOBlGwAAAac"], referer: https://carnetdeshopping.com/
[Thu Jul 30 11:48:08.642863 2026] [security2:error] [pid 643573:tid 643837] [client 57.141.0.48:0] ModSecurity: Warning. Pattern match "301|404|302" at RESPONSE_STATUS. [file "/opt/mod_security/hg_rules.conf"] [line "1570"] [id "900934"] [msg "404 php LOGGING"] [data "404"] [hostname "saifalkhaleejest.com"] [uri "/index.php"] [unique_id "amuASPxWyxgRnoFKAJ_mogAAApM"]
[Thu Jul 30 11:48:08.914164 2026] [security2:error] [pid 643573:tid 643781] [client 103.156.16.241:51064] ModSecurity: Warning. Pattern match "/(contact(o|.?us)?|wp-comments-post|(send)?.?(form.)?e?mail(er)?|memberlist|send|contact.form(.handler)?|thankyou|leafmailer[0-9.]*)\\\\.php" at REQUEST_URI. [file "/opt/mod_security/hg_rules.conf"] [line "1546"] [id "900923"] [msg "contact form logging"] [hostname "tereashops.com"] [uri "/wp-comments-post.php"] [unique_id "amuASPxWyxgRnoFKAJ_mqwAAAls"]
[Thu Jul 30 11:48:09.189308 2026] [fcgid:warn] [pid 643253:tid 643493] (70014)End of file found: [client 66.132.195.44:60822] mod_fcgid: can't get data from http client
[Thu Jul 30 11:48:09.258513 2026] [core:notice] [pid 643573:tid 643732] AH00113: /home1/vdbnyxte/public_html/website_7c59acf7/.htaccess:23 cannot use a full URL in a 401 ErrorDocument directive --- ignoring!
[Thu Jul 30 11:48:09.263449 2026] [security2:error] [pid 643573:tid 643732] [client 103.215.74.26:51844] ModSecurity: Access denied with code 406 (phase 2). Pattern match "(?:\\\\b(?:alter|drop)\\\\b [a-z0-9]+ \\\\b(?:column|database|procedure|table)\\\\b|delete[[:space:]] .{1,100}+ update [a-z0-9]+ set .{1,100}+=|union all select |\\\\bunion\\\\b.{1,100}?\\\\bselect\\\\b.{0,200}[a-z0-9]+ from |select (?:load_file|char ?\\\\()|(?:insert|r ..." at ARGS:requests.requests.body.requests.requests.path. [file "/etc/httpd/modsecurity.d/10_asl_rules.conf"] [line "314"] [id "340144"] [rev "38"] [msg "Atomicorp.com WAF Rules: Generic SQL injection protection 2"] [data "741"] [severity "CRITICAL"] [tag "SQLi"] [hostname "carnetdeshopping.com"] [uri "/"] [unique_id "amuASfxWyxgRnoFKAJ_msgAAAio"], referer: https://carnetdeshopping.com/
[Thu Jul 30 11:48:09.731525 2026] [security2:error] [pid 643573:tid 643711] [client 74.7.244.4:0] ModSecurity: Warning. Matched phrase "oBot" at REQUEST_HEADERS:User-Agent. [file "/opt/mod_security/hg_rules.conf"] [line "168"] [id "350001"] [msg "BAD BOT - Detected LOGGING"] [data "200"] [hostname "website-788fb95f.glb.nyx.temporary.site"] [uri "/index.php"] [unique_id "amuASfxWyxgRnoFKAJ_msQAAAhU"]
[Thu Jul 30 11:48:09.732459 2026] [security2:error] [pid 643253:tid 643507] [client 74.7.244.4:33706] ModSecurity: Warning. Matched phrase "oBot" at REQUEST_HEADERS:User-Agent. [file "/opt/mod_security/hg_rules.conf"] [line "168"] [id "350001"] [msg "BAD BOT - Detected LOGGING"] [data "200"] [hostname "website-788fb95f.glb.nyx.temporary.site"] [uri "/robots.txt"] [unique_id "amuAScjqbtjBYzqM1uYlOQAAewE"]
[Thu Jul 30 11:48:09.754191 2026] [security2:error] [pid 643573:tid 643781] [client 103.156.16.241:51064] ModSecurity: Warning. Pattern match "POST" at REQUEST_METHOD. [file "/opt/mod_security/hg_rules.conf"] [line "147"] [id "900404"] [msg "wp-comments-post POST logging"] [data "429"] [hostname "tereashops.com"] [uri "/wp-comments-post.php"] [unique_id "amuASPxWyxgRnoFKAJ_mqwAAAls"]
[Thu Jul 30 11:48:09.846371 2026] [security2:error] [pid 643573:tid 643715] [client 198.54.128.138:48876] ModSecurity: Access denied with code 406 (phase 1). Match of "ipMatch 127.0.0.1" against "REMOTE_ADDR" required. [file "/opt/mod_security/hg_rules.conf"] [line "1461"] [id "909116"] [msg "Golang default UA"] [hostname "marlboro-shop.com"] [uri "/xmlrpc.php"] [unique_id "amuASfxWyxgRnoFKAJ_muQAAAhk"]
[Thu Jul 30 11:48:09.846472 2026] [security2:error] [pid 643573:tid 643715] [client 198.54.128.138:48876] ModSecurity: Warning. Pattern match "POST" at REQUEST_METHOD. [file "/opt/mod_security/hg_rules.conf"] [line "151"] [id "900405"] [msg "xmlrpc POST logging"] [data "406"] [hostname "marlboro-shop.com"] [uri "/xmlrpc.php"] [unique_id "amuASfxWyxgRnoFKAJ_muQAAAhk"]
[Thu Jul 30 11:48:09.896340 2026] [security2:error] [pid 643573:tid 643741] [client 68.221.186.136:25315] ModSecurity: Access denied with code 409 (phase 1). RBL lookup of 136.186.221.68.vulnscan.websitewelcome.com succeeded at REMOTE_ADDR. [file "/opt/mod_security/hg_rules.conf"] [line "1566"] [id "900933"] [msg "Vulnerability Scan RBL: vulnscan.websitewelcome.com"] [hostname "cpcalendars.bonafideadvisors.com"] [uri "/robots.php"] [unique_id "amuASfxWyxgRnoFKAJ_mugAAAjM"]
[Thu Jul 30 11:48:10.002483 2026] [core:notice] [pid 643573:tid 643748] AH00113: /home1/vdbnyxte/public_html/website_7c59acf7/.htaccess:23 cannot use a full URL in a 401 ErrorDocument directive --- ignoring!
[Thu Jul 30 11:48:10.007617 2026] [security2:error] [pid 643573:tid 643748] [client 103.215.74.26:51850] ModSecurity: Access denied with code 406 (phase 2). Pattern match "(?:\\\\w ?(?:user|and)(\\\\w+)char ?\\\\([0-9]| \\\\b(?:execute|convert) ?\\\\(|; ?\\\\bdelete\\\\b.{1,100}?; ?(?:insert|declare @|varchar) ?|\\\\bdrop\\\\b .{1,100} table |(?:declare|convert) .{1,100} varchar\\\\(|null ?, ?null ?, ?(?:accesslevel|user_?name) ?,|\\\\bconcat ..." at ARGS:requests.requests.body.requests.requests.path. [file "/etc/httpd/modsecurity.d/10_asl_rules.conf"] [line "395"] [id "340157"] [rev "38"] [msg "Atomicorp.com WAF Rules: Generic SQL inline command protection"] [data "concat(,ARGS:requests.requests.body.requests.requests.path"] [severity "CRITICAL"] [tag "SQLi"] [hostname "carnetdeshopping.com"] [uri "/"] [unique_id "amuASvxWyxgRnoFKAJ_muwAAAjo"], referer: https://carnetdeshopping.com/
[Thu Jul 30 11:48:10.372783 2026] [core:notice] [pid 643573:tid 643789] AH00113: /home1/vdbnyxte/public_html/website_ab4e48f3/.htaccess:20 cannot use a full URL in a 401 ErrorDocument directive --- ignoring!
[Thu Jul 30 11:48:10.530413 2026] [security2:error] [pid 643573:tid 643813] [client 68.221.186.136:44592] ModSecurity: Access denied with code 409 (phase 1). RBL lookup of 136.186.221.68.vulnscan.websitewelcome.com succeeded at REMOTE_ADDR. [file "/opt/mod_security/hg_rules.conf"] [line "1566"] [id "900933"] [msg "Vulnerability Scan RBL: vulnscan.websitewelcome.com"] [hostname "cpcalendars.bonafideadvisors.com"] [uri "/alf.php"] [unique_id "amuASvxWyxgRnoFKAJ_mwgAAAns"]
[Thu Jul 30 11:48:10.734839 2026] [core:notice] [pid 643573:tid 643793] AH00113: /home1/vdbnyxte/public_html/website_7c59acf7/.htaccess:23 cannot use a full URL in a 401 ErrorDocument directive --- ignoring!
[Thu Jul 30 11:48:10.741670 2026] [security2:error] [pid 643573:tid 643793] [client 103.215.74.26:51866] ModSecurity: Access denied with code 406 (phase 2). Match of "rx ^/(?![/\\\\x5c])" against "ARGS:requests.requests.body.requests.requests.path" required. [file "/opt/mod_security/hg_rules.conf"] [line "1604"] [id "900941"] [msg "Invalid nested WordPress REST batch path (rest_route)"] [data "ARGS:requests.requests.body.requests.requests.path=///"] [hostname "carnetdeshopping.com"] [uri "/"] [unique_id "amuASvxWyxgRnoFKAJ_mxQAAAmc"], referer: https://carnetdeshopping.com/
[Thu Jul 30 11:48:10.867094 2026] [security2:error] [pid 643573:tid 643820] [client 2407:d000:1c:9d56:69b8:2b43:16e9:e505:0] ModSecurity: Warning. Pattern match "POST" at REQUEST_METHOD. [file "/opt/mod_security/hg_rules.conf"] [line "151"] [id "900405"] [msg "xmlrpc POST logging"] [data "200"] [hostname "spececigarette.com"] [uri "/xmlrpc.php"] [unique_id "amuASvxWyxgRnoFKAJ_mwQACgj8"]
[Thu Jul 30 11:48:10.877811 2026] [security2:error] [pid 642360:tid 642525] [client 103.156.16.241:51133] ModSecurity: Warning. Pattern match "/(contact(o|.?us)?|wp-comments-post|(send)?.?(form.)?e?mail(er)?|memberlist|send|contact.form(.handler)?|thankyou|leafmailer[0-9.]*)\\\\.php" at REQUEST_URI. [file "/opt/mod_security/hg_rules.conf"] [line "1546"] [id "900923"] [msg "contact form logging"] [hostname "tereashops.com"] [uri "/wp-comments-post.php"] [unique_id "amuASpSUkh3e5AhEJOBlMAAAAbI"]
[Thu Jul 30 11:48:11.194257 2026] [core:error] [pid 643253:tid 643494] [client 74.7.244.14:0] AH00124: Request exceeded the limit of 10 internal redirects due to probable configuration error. Use 'LimitInternalRecursion' to increase the limit if necessary. Use 'LogLevel debug' to get a backtrace.
[Thu Jul 30 11:48:11.194291 2026] [core:error] [pid 643253:tid 643494] [client 74.7.244.14:0] AH00124: Request exceeded the limit of 10 internal redirects due to probable configuration error. Use 'LimitInternalRecursion' to increase the limit if necessary. Use 'LogLevel debug' to get a backtrace.
[Thu Jul 30 11:48:11.194458 2026] [security2:error] [pid 643253:tid 643494] [client 74.7.244.14:0] ModSecurity: Warning. Matched phrase "oBot" at REQUEST_HEADERS:User-Agent. [file "/opt/mod_security/hg_rules.conf"] [line "168"] [id "350001"] [msg "BAD BOT - Detected LOGGING"] [data "500"] [hostname "cpcalendars.ahm.djb.temporary.site"] [uri "/___proxy_subdomain_cpcalendars/index.php"] [unique_id "amuAS8jqbtjBYzqM1uYlPQAAAG4"]
[Thu Jul 30 11:48:11.195119 2026] [security2:error] [pid 643253:tid 643472] [client 74.7.244.14:52954] ModSecurity: Warning. Matched phrase "oBot" at REQUEST_HEADERS:User-Agent. [file "/opt/mod_security/hg_rules.conf"] [line "168"] [id "350001"] [msg "BAD BOT - Detected LOGGING"] [data "500"] [hostname "cpcalendars.ahm.djb.temporary.site"] [uri "/___proxy_subdomain_cpcalendars/robots.txt"] [unique_id "amuAS8jqbtjBYzqM1uYlPAAAWAI"]
[Thu Jul 30 11:48:11.469000 2026] [core:notice] [pid 642360:tid 642594] AH00113: /home1/vdbnyxte/public_html/website_7c59acf7/.htaccess:23 cannot use a full URL in a 401 ErrorDocument directive --- ignoring!
[Thu Jul 30 11:48:11.476124 2026] [security2:error] [pid 642360:tid 642594] [client 103.215.74.26:51870] ModSecurity: Access denied with code 406 (phase 2). Match of "rx ^/(?![/\\\\x5c])" against "ARGS:requests.requests.body.requests.requests.path" required. [file "/opt/mod_security/hg_rules.conf"] [line "1604"] [id "900941"] [msg "Invalid nested WordPress REST batch path (rest_route)"] [data "ARGS:requests.requests.body.requests.requests.path=///"] [hostname "carnetdeshopping.com"] [uri "/"] [unique_id "amuAS5SUkh3e5AhEJOBlOgAAAfc"], referer: https://carnetdeshopping.com/
[Thu Jul 30 11:48:12.795165 2026] [security2:error] [pid 643573:tid 643733] [client 68.221.186.136:27869] ModSecurity: Access denied with code 409 (phase 1). RBL lookup of 136.186.221.68.vulnscan.websitewelcome.com succeeded at REMOTE_ADDR. [file "/opt/mod_security/hg_rules.conf"] [line "1566"] [id "900933"] [msg "Vulnerability Scan RBL: vulnscan.websitewelcome.com"] [hostname "upns.ca"] [uri "/appreciators.php"] [unique_id "amuATPxWyxgRnoFKAJ_m6gAAAis"]
[Thu Jul 30 11:48:12.964945 2026] [core:notice] [pid 643573:tid 643813] AH00113: /home1/vdbnyxte/public_html/website_ab4e48f3/.htaccess:20 cannot use a full URL in a 401 ErrorDocument directive --- ignoring!
[Thu Jul 30 11:48:12.968943 2026] [security2:error] [pid 642360:tid 642527] [client 68.221.186.136:44167] ModSecurity: Access denied with code 409 (phase 1). RBL lookup of 136.186.221.68.vulnscan.websitewelcome.com succeeded at REMOTE_ADDR. [file "/opt/mod_security/hg_rules.conf"] [line "1566"] [id "900933"] [msg "Vulnerability Scan RBL: vulnscan.websitewelcome.com"] [hostname "cpcalendars.bonafideadvisors.com"] [uri "/feedback.php"] [unique_id "amuATJSUkh3e5AhEJOBlRAAAAbQ"]
[Thu Jul 30 11:48:13.174468 2026] [security2:error] [pid 643573:tid 643662] [remote 103.20.243.198:0] ModSecurity: Access denied with code 409 (phase 1). RBL lookup of 198.243.20.103.testwprbl.websitewelcome.com succeeded at REMOTE_ADDR. [file "/opt/mod_security/hg_rules.conf"] [line "176"] [id "900407"] [msg "Wordpress and Joomla Brute RBL: testwprbl.websitewelcome.com"] [hostname "spececigarette.com"] [uri "/xmlrpc.php"] [unique_id "amuATfxWyxgRnoFKAJ_m7QACdFE"]
[Thu Jul 30 11:48:13.174674 2026] [security2:error] [pid 643573:tid 643806] [client 103.20.243.198:0] ModSecurity: Warning. Pattern match "POST" at REQUEST_METHOD. [file "/opt/mod_security/hg_rules.conf"] [line "151"] [id "900405"] [msg "xmlrpc POST logging"] [data "409"] [hostname "spececigarette.com"] [uri "/xmlrpc.php"] [unique_id "amuATfxWyxgRnoFKAJ_m7QACdFE"]
[Thu Jul 30 11:48:13.610869 2026] [security2:error] [pid 643253:tid 643409] [client 176.241.66.87:5186] ModSecurity: Access denied with code 409 (phase 1). RBL lookup of 87.66.241.176.testwprbl.websitewelcome.com succeeded at REMOTE_ADDR. [file "/opt/mod_security/hg_rules.conf"] [line "176"] [id "900407"] [msg "Wordpress and Joomla Brute RBL: testwprbl.websitewelcome.com"] [hostname "seven-stars-shop.com"] [uri "/xmlrpc.php"] [unique_id "amuATcjqbtjBYzqM1uYlPgAAABk"]
[Thu Jul 30 11:48:13.611021 2026] [security2:error] [pid 643253:tid 643409] [client 176.241.66.87:5186] ModSecurity: Warning. Pattern match "POST" at REQUEST_METHOD. [file "/opt/mod_security/hg_rules.conf"] [line "151"] [id "900405"] [msg "xmlrpc POST logging"] [data "409"] [hostname "seven-stars-shop.com"] [uri "/xmlrpc.php"] [unique_id "amuATcjqbtjBYzqM1uYlPgAAABk"]
[Thu Jul 30 11:48:13.726604 2026] [security2:error] [pid 643573:tid 643723] [client 68.221.186.136:41275] ModSecurity: Access denied with code 409 (phase 1). RBL lookup of 136.186.221.68.vulnscan.websitewelcome.com succeeded at REMOTE_ADDR. [file "/opt/mod_security/hg_rules.conf"] [line "1566"] [id "900933"] [msg "Vulnerability Scan RBL: vulnscan.websitewelcome.com"] [hostname "upns.ca"] [uri "/archive.php"] [unique_id "amuATfxWyxgRnoFKAJ_m8wAAAiE"]
[Thu Jul 30 11:48:14.293326 2026] [security2:error] [pid 643573:tid 643836] [client 44.223.232.55:60346] ModSecurity: Access denied with code 406 (phase 1). Match of "rx ^/llms.txt" against "REQUEST_URI" required. [file "/opt/mod_security/hg_rules.conf"] [line "588"] [id "999814"] [msg "Misbehaving AI Crawler"] [hostname "www.nordeste1.com"] [uri "/arquivos/noticias/150/956b6156835979bdf1fbd69e57a7eeed.jpg"] [unique_id "amuATvxWyxgRnoFKAJ_m9wAAApI"]
[Thu Jul 30 11:48:14.330640 2026] [security2:error] [pid 643573:tid 643763] [client 68.221.186.136:46589] ModSecurity: Access denied with code 409 (phase 1). RBL lookup of 136.186.221.68.vulnscan.websitewelcome.com succeeded at REMOTE_ADDR. [file "/opt/mod_security/hg_rules.conf"] [line "1566"] [id "900933"] [msg "Vulnerability Scan RBL: vulnscan.websitewelcome.com"] [hostname "cpcalendars.bonafideadvisors.com"] [uri "/gettest.php"] [unique_id "amuATvxWyxgRnoFKAJ_m-AAAAkk"]
[Thu Jul 30 11:48:15.051304 2026] [security2:error] [pid 643573:tid 643826] [client 43.134.91.35:59178] ModSecurity: Access denied with code 409 (phase 1). RBL lookup of 35.91.134.43.vulnscan.websitewelcome.com succeeded at REMOTE_ADDR. [file "/opt/mod_security/hg_rules.conf"] [line "1566"] [id "900933"] [msg "Vulnerability Scan RBL: vulnscan.websitewelcome.com"] [hostname "ejournalugj.com"] [uri "/index.php/JGST"] [unique_id "amuAT_xWyxgRnoFKAJ_m_QAAAog"], referer: https://ejournalugj.com/index_php/JGST
[Thu Jul 30 11:48:15.374311 2026] [security2:error] [pid 643573:tid 643783] [client 68.221.186.136:46551] ModSecurity: Access denied with code 409 (phase 1). RBL lookup of 136.186.221.68.vulnscan.websitewelcome.com succeeded at REMOTE_ADDR. [file "/opt/mod_security/hg_rules.conf"] [line "1566"] [id "900933"] [msg "Vulnerability Scan RBL: vulnscan.websitewelcome.com"] [hostname "cpcalendars.bonafideadvisors.com"] [uri "/maint.php"] [unique_id "amuAT_xWyxgRnoFKAJ_nDgAAAl0"]
[Thu Jul 30 11:48:15.573831 2026] [security2:error] [pid 643573:tid 643835] [client 66.249.68.67:48012] ModSecurity: Warning. Pattern match "301|404|302" at RESPONSE_STATUS. [file "/opt/mod_security/hg_rules.conf"] [line "1570"] [id "900934"] [msg "404 php LOGGING"] [data "404"] [hostname "nobleinternationals.com"] [uri "/index.php/favicon.ico"] [unique_id "amuAT_xWyxgRnoFKAJ_nEAAAApE"]
[Thu Jul 30 11:48:15.865019 2026] [security2:error] [pid 643573:tid 643800] [client 172.236.9.101:45744] ModSecurity: Warning. Pattern match "301|404|302" at RESPONSE_STATUS. [file "/opt/mod_security/hg_rules.conf"] [line "1570"] [id "900934"] [msg "404 php LOGGING"] [data "404"] [hostname "alseermarine.com"] [uri "/index.php"] [unique_id "amuAT_xWyxgRnoFKAJ_nBQAAAm4"]
[Thu Jul 30 11:48:15.898185 2026] [security2:error] [pid 643573:tid 643736] [client 172.236.9.101:7591] ModSecurity: Warning. Pattern match "301|404|302" at RESPONSE_STATUS. [file "/opt/mod_security/hg_rules.conf"] [line "1570"] [id "900934"] [msg "404 php LOGGING"] [data "404"] [hostname "alseermarine.com"] [uri "/index.php"] [unique_id "amuAT_xWyxgRnoFKAJ_nBwAAAi4"]
[Thu Jul 30 11:48:15.913712 2026] [security2:error] [pid 643573:tid 643774] [client 172.236.9.101:1685] ModSecurity: Warning. Pattern match "301|404|302" at RESPONSE_STATUS. [file "/opt/mod_security/hg_rules.conf"] [line "1570"] [id "900934"] [msg "404 php LOGGING"] [data "404"] [hostname "alseermarine.com"] [uri "/index.php"] [unique_id "amuAT_xWyxgRnoFKAJ_nBgAAAlQ"]
[Thu Jul 30 11:48:15.975592 2026] [security2:error] [pid 643573:tid 643806] [client 172.236.9.101:5788] ModSecurity: Warning. Pattern match "301|404|302" at RESPONSE_STATUS. [file "/opt/mod_security/hg_rules.conf"] [line "1570"] [id "900934"] [msg "404 php LOGGING"] [data "404"] [hostname "alseermarine.com"] [uri "/index.php"] [unique_id "amuAT_xWyxgRnoFKAJ_nCQAAAnQ"]
[Thu Jul 30 11:48:15.984924 2026] [security2:error] [pid 643573:tid 643805] [client 172.236.9.101:60806] ModSecurity: Warning. Pattern match "301|404|302" at RESPONSE_STATUS. [file "/opt/mod_security/hg_rules.conf"] [line "1570"] [id "900934"] [msg "404 php LOGGING"] [data "404"] [hostname "alseermarine.com"] [uri "/index.php"] [unique_id "amuAT_xWyxgRnoFKAJ_nCAAAAnM"]
[Thu Jul 30 11:48:16.229883 2026] [security2:error] [pid 643573:tid 643784] [client 64.127.138.130:11823] ModSecurity: Warning. Pattern match "301|404|302" at RESPONSE_STATUS. [file "/opt/mod_security/hg_rules.conf"] [line "1570"] [id "900934"] [msg "404 php LOGGING"] [data "302"] [hostname "fireworkskenya.co.ke"] [uri "/index.php"] [unique_id "amuAT_xWyxgRnoFKAJ_nAgACXhA"]
[Thu Jul 30 11:48:16.346605 2026] [security2:error] [pid 643573:tid 643683] [remote 64.127.138.130:11823] ModSecurity: Warning. Pattern match "301|404|302" at RESPONSE_STATUS. [file "/opt/mod_security/hg_rules.conf"] [line "1570"] [id "900934"] [msg "404 php LOGGING"] [data "404"] [hostname "fireworkskenya.co.ke"] [uri "/index.php"] [unique_id "amuAT_xWyxgRnoFKAJ_nAQACXmY"]
[Thu Jul 30 11:48:16.413045 2026] [security2:error] [pid 642360:tid 642525] [client 103.156.16.241:51133] ModSecurity: Warning. Pattern match "POST" at REQUEST_METHOD. [file "/opt/mod_security/hg_rules.conf"] [line "147"] [id "900404"] [msg "wp-comments-post POST logging"] [data "302"] [hostname "tereashops.com"] [uri "/wp-comments-post.php"] [unique_id "amuASpSUkh3e5AhEJOBlMAAAAbI"]
[Thu Jul 30 11:48:16.413123 2026] [security2:error] [pid 642360:tid 642525] [client 103.156.16.241:51133] ModSecurity: Warning. Pattern match "301|404|302" at RESPONSE_STATUS. [file "/opt/mod_security/hg_rules.conf"] [line "1570"] [id "900934"] [msg "404 php LOGGING"] [data "302"] [hostname "tereashops.com"] [uri "/wp-comments-post.php"] [unique_id "amuASpSUkh3e5AhEJOBlMAAAAbI"]
[Thu Jul 30 11:48:16.613557 2026] [security2:error] [pid 643573:tid 643784] [client 64.127.138.130:11823] ModSecurity: Warning. Pattern match "301|404|302" at RESPONSE_STATUS. [file "/opt/mod_security/hg_rules.conf"] [line "1570"] [id "900934"] [msg "404 php LOGGING"] [data "404"] [hostname "fireworkskenya.co.ke"] [uri "/index.php"] [unique_id "amuAT_xWyxgRnoFKAJ_nAwACXi4"]
[Thu Jul 30 11:48:16.869289 2026] [security2:error] [pid 642360:tid 642522] [client 68.221.186.136:25280] ModSecurity: Access denied with code 409 (phase 1). RBL lookup of 136.186.221.68.vulnscan.websitewelcome.com succeeded at REMOTE_ADDR. [file "/opt/mod_security/hg_rules.conf"] [line "1566"] [id "900933"] [msg "Vulnerability Scan RBL: vulnscan.websitewelcome.com"] [hostname "cpcalendars.bonafideadvisors.com"] [uri "/files.php"] [unique_id "amuAUJSUkh3e5AhEJOBlXwAAAa8"]
[Thu Jul 30 11:48:16.886571 2026] [security2:error] [pid 642360:tid 642494] [client 68.221.186.136:41266] ModSecurity: Access denied with code 409 (phase 1). RBL lookup of 136.186.221.68.vulnscan.websitewelcome.com succeeded at REMOTE_ADDR. [file "/opt/mod_security/hg_rules.conf"] [line "1566"] [id "900933"] [msg "Vulnerability Scan RBL: vulnscan.websitewelcome.com"] [hostname "upns.ca"] [uri "/as.php"] [unique_id "amuAUJSUkh3e5AhEJOBlYAAAAZM"]
[Thu Jul 30 11:48:17.260712 2026] [core:notice] [pid 642360:tid 642514] AH00113: /home1/vdbnyxte/public_html/website_7c59acf7/.htaccess:23 cannot use a full URL in a 401 ErrorDocument directive --- ignoring!
[Thu Jul 30 11:48:17.264939 2026] [security2:error] [pid 642360:tid 642514] [client 103.215.74.26:32150] ModSecurity: Access denied with code 406 (phase 2). Pattern match "(?:\\\\b(?:alter|drop)\\\\b [a-z0-9]+ \\\\b(?:column|database|procedure|table)\\\\b|delete[[:space:]] .{1,100}+ update [a-z0-9]+ set .{1,100}+=|union all select |\\\\bunion\\\\b.{1,100}?\\\\bselect\\\\b.{0,200}[a-z0-9]+ from |select (?:load_file|char ?\\\\()|(?:insert|r ..." at ARGS:requests.requests.body.requests.requests.path. [file "/etc/httpd/modsecurity.d/10_asl_rules.conf"] [line "314"] [id "340144"] [rev "38"] [msg "Atomicorp.com WAF Rules: Generic SQL injection protection 2"] [data "742"] [severity "CRITICAL"] [tag "SQLi"] [hostname "carnetdeshopping.com"] [uri "/"] [unique_id "amuAUZSUkh3e5AhEJOBlagAAAac"], referer: https://carnetdeshopping.com/
[Thu Jul 30 11:48:17.409469 2026] [security2:error] [pid 643573:tid 643729] [client 64.127.138.130:11160] ModSecurity: Warning. Pattern match "301|404|302" at RESPONSE_STATUS. [file "/opt/mod_security/hg_rules.conf"] [line "1570"] [id "900934"] [msg "404 php LOGGING"] [data "404"] [hostname "fireworkskenya.co.ke"] [uri "/index.php"] [unique_id "amuAUPxWyxgRnoFKAJ_nHwACJw4"]
[Thu Jul 30 11:48:17.547374 2026] [security2:error] [pid 642360:tid 642490] [client 103.156.16.241:51317] ModSecurity: Warning. Pattern match "/(contact(o|.?us)?|wp-comments-post|(send)?.?(form.)?e?mail(er)?|memberlist|send|contact.form(.handler)?|thankyou|leafmailer[0-9.]*)\\\\.php" at REQUEST_URI. [file "/opt/mod_security/hg_rules.conf"] [line "1546"] [id "900923"] [msg "contact form logging"] [hostname "tereashops.com"] [uri "/wp-comments-post.php"] [unique_id "amuAUZSUkh3e5AhEJOBlawAAAY8"]
[Thu Jul 30 11:48:17.620368 2026] [security2:error] [pid 643573:tid 643793] [client 68.221.186.136:41259] ModSecurity: Access denied with code 409 (phase 1). RBL lookup of 136.186.221.68.vulnscan.websitewelcome.com succeeded at REMOTE_ADDR. [file "/opt/mod_security/hg_rules.conf"] [line "1566"] [id "900933"] [msg "Vulnerability Scan RBL: vulnscan.websitewelcome.com"] [hostname "upns.ca"] [uri "/atomlib.php"] [unique_id "amuAUfxWyxgRnoFKAJ_nKQAAAmc"]
[Thu Jul 30 11:48:17.901028 2026] [security2:error] [pid 643573:tid 643698] [remote 2001:4490:4c45:dc24:94c3:b7bb:7bfb:46e1:0] ModSecurity: Access denied with code 406 (phase 2). Operator GT matched 0 at USER:bf_block. [file "/opt/mod_security/hg_rules.conf"] [line "1482"] [id "909121"] [msg "IP address blocked, too many xmlrpc.php failures"] [hostname "blsspainvisacenterpakistan.site"] [uri "/xmlrpc.php"] [unique_id "amuAUfxWyxgRnoFKAJ_nKgACgnU"]
[Thu Jul 30 11:48:17.901320 2026] [security2:error] [pid 643573:tid 643820] [client 2001:4490:4c45:dc24:94c3:b7bb:7bfb:46e1:0] ModSecurity: Warning. Pattern match "POST" at REQUEST_METHOD. [file "/opt/mod_security/hg_rules.conf"] [line "151"] [id "900405"] [msg "xmlrpc POST logging"] [data "406"] [hostname "blsspainvisacenterpakistan.site"] [uri "/xmlrpc.php"] [unique_id "amuAUfxWyxgRnoFKAJ_nKgACgnU"]
[Thu Jul 30 11:48:17.983315 2026] [core:notice] [pid 642360:tid 642554] AH00113: /home1/vdbnyxte/public_html/website_7c59acf7/.htaccess:23 cannot use a full URL in a 401 ErrorDocument directive --- ignoring!
[Thu Jul 30 11:48:17.989882 2026] [security2:error] [pid 642360:tid 642554] [client 103.215.74.26:32160] ModSecurity: Access denied with code 406 (phase 2). Pattern match "(?:\\\\b(?:alter|drop)\\\\b [a-z0-9]+ \\\\b(?:column|database|procedure|table)\\\\b|delete[[:space:]] .{1,100}+ update [a-z0-9]+ set .{1,100}+=|union all select |\\\\bunion\\\\b.{1,100}?\\\\bselect\\\\b.{0,200}[a-z0-9]+ from |select (?:load_file|char ?\\\\()|(?:insert|r ..." at ARGS:requests.requests.body.requests.requests.path. [file "/etc/httpd/modsecurity.d/10_asl_rules.conf"] [line "314"] [id "340144"] [rev "38"] [msg "Atomicorp.com WAF Rules: Generic SQL injection protection 2"] [data "760"] [severity "CRITICAL"] [tag "SQLi"] [hostname "carnetdeshopping.com"] [uri "/"] [unique_id "amuAUZSUkh3e5AhEJOBlcgAAAc8"], referer: https://carnetdeshopping.com/
[Thu Jul 30 11:48:18.167604 2026] [security2:error] [pid 643253:tid 643508] [client 68.221.186.136:41278] ModSecurity: Access denied with code 409 (phase 1). RBL lookup of 136.186.221.68.vulnscan.websitewelcome.com succeeded at REMOTE_ADDR. [file "/opt/mod_security/hg_rules.conf"] [line "1566"] [id "900933"] [msg "Vulnerability Scan RBL: vulnscan.websitewelcome.com"] [hostname "upns.ca"] [uri "/autoload_classmap.php"] [unique_id "amuAUsjqbtjBYzqM1uYlRgAAAHw"]
[Thu Jul 30 11:48:18.333704 2026] [security2:error] [pid 643573:tid 643785] [client 68.221.186.136:44549] ModSecurity: Access denied with code 409 (phase 1). RBL lookup of 136.186.221.68.vulnscan.websitewelcome.com succeeded at REMOTE_ADDR. [file "/opt/mod_security/hg_rules.conf"] [line "1566"] [id "900933"] [msg "Vulnerability Scan RBL: vulnscan.websitewelcome.com"] [hostname "cpcalendars.bonafideadvisors.com"] [uri "/gecko.php"] [unique_id "amuAUvxWyxgRnoFKAJ_nLwAAAl8"]
[Thu Jul 30 11:48:18.403251 2026] [security2:error] [pid 642360:tid 642490] [client 103.156.16.241:51317] ModSecurity: Warning. Pattern match "POST" at REQUEST_METHOD. [file "/opt/mod_security/hg_rules.conf"] [line "147"] [id "900404"] [msg "wp-comments-post POST logging"] [data "429"] [hostname "tereashops.com"] [uri "/wp-comments-post.php"] [unique_id "amuAUZSUkh3e5AhEJOBlawAAAY8"]
[Thu Jul 30 11:48:18.718780 2026] [core:notice] [pid 643573:tid 643762] AH00113: /home1/vdbnyxte/public_html/website_7c59acf7/.htaccess:23 cannot use a full URL in a 401 ErrorDocument directive --- ignoring!
[Thu Jul 30 11:48:18.726422 2026] [security2:error] [pid 643573:tid 643762] [client 103.215.74.26:32176] ModSecurity: Access denied with code 406 (phase 2). Match of "rx ^/(?![/\\\\x5c])" against "ARGS:requests.requests.body.requests.requests.path" required. [file "/opt/mod_security/hg_rules.conf"] [line "1604"] [id "900941"] [msg "Invalid nested WordPress REST batch path (rest_route)"] [data "ARGS:requests.requests.body.requests.requests.path=///"] [hostname "carnetdeshopping.com"] [uri "/"] [unique_id "amuAUvxWyxgRnoFKAJ_nMwAAAkg"], referer: https://carnetdeshopping.com/
[Thu Jul 30 11:48:18.901323 2026] [security2:error] [pid 642360:tid 642592] [client 68.221.186.136:26454] ModSecurity: Access denied with code 409 (phase 1). RBL lookup of 136.186.221.68.vulnscan.websitewelcome.com succeeded at REMOTE_ADDR. [file "/opt/mod_security/hg_rules.conf"] [line "1566"] [id "900933"] [msg "Vulnerability Scan RBL: vulnscan.websitewelcome.com"] [hostname "cpcalendars.bonafideadvisors.com"] [uri "/zwso.php"] [unique_id "amuAUpSUkh3e5AhEJOBlfQAAAfU"]
[Thu Jul 30 11:48:18.962726 2026] [security2:error] [pid 642360:tid 642538] [client 68.221.186.136:41219] ModSecurity: Access denied with code 409 (phase 1). RBL lookup of 136.186.221.68.vulnscan.websitewelcome.com succeeded at REMOTE_ADDR. [file "/opt/mod_security/hg_rules.conf"] [line "1566"] [id "900933"] [msg "Vulnerability Scan RBL: vulnscan.websitewelcome.com"] [hostname "upns.ca"] [uri "/bb.php"] [unique_id "amuAUpSUkh3e5AhEJOBlfgAAAb8"]
[Thu Jul 30 11:48:19.036137 2026] [security2:error] [pid 643573:tid 643770] [client 64.127.138.130:11160] ModSecurity: Warning. Pattern match "301|404|302" at RESPONSE_STATUS. [file "/opt/mod_security/hg_rules.conf"] [line "1570"] [id "900934"] [msg "404 php LOGGING"] [data "404"] [hostname "fireworkskenya.co.ke"] [uri "/index.php"] [unique_id "amuAUvxWyxgRnoFKAJ_nLAACUHE"]
[Thu Jul 30 11:48:19.055068 2026] [security2:error] [pid 642360:tid 642575] [client 57.141.0.19:0] ModSecurity: Warning. Pattern match "301|404|302" at RESPONSE_STATUS. [file "/opt/mod_security/hg_rules.conf"] [line "1570"] [id "900934"] [msg "404 php LOGGING"] [data "404"] [hostname "saifalkhaleejest.com"] [uri "/index.php"] [unique_id "amuAUpSUkh3e5AhEJOBldgAAAeQ"]
[Thu Jul 30 11:48:19.466089 2026] [core:notice] [pid 643573:tid 643721] AH00113: /home1/vdbnyxte/public_html/website_7c59acf7/.htaccess:23 cannot use a full URL in a 401 ErrorDocument directive --- ignoring!
[Thu Jul 30 11:48:19.470336 2026] [security2:error] [pid 643573:tid 643721] [client 103.215.74.26:32192] ModSecurity: Access denied with code 406 (phase 2). Pattern match "(?:\\\\b(?:alter|drop)\\\\b [a-z0-9]+ \\\\b(?:column|database|procedure|table)\\\\b|delete[[:space:]] .{1,100}+ update [a-z0-9]+ set .{1,100}+=|union all select |\\\\bunion\\\\b.{1,100}?\\\\bselect\\\\b.{0,200}[a-z0-9]+ from |select (?:load_file|char ?\\\\()|(?:insert|r ..." at ARGS:requests.requests.body.requests.requests.path. [file "/etc/httpd/modsecurity.d/10_asl_rules.conf"] [line "314"] [id "340144"] [rev "38"] [msg "Atomicorp.com WAF Rules: Generic SQL injection protection 2"] [data "773"] [severity "CRITICAL"] [tag "SQLi"] [hostname "carnetdeshopping.com"] [uri "/"] [unique_id "amuAU_xWyxgRnoFKAJ_nOgAAAh8"], referer: https://carnetdeshopping.com/
[Thu Jul 30 11:48:19.500701 2026] [security2:error] [pid 642360:tid 642548] [client 103.156.16.241:51372] ModSecurity: Warning. Pattern match "/(contact(o|.?us)?|wp-comments-post|(send)?.?(form.)?e?mail(er)?|memberlist|send|contact.form(.handler)?|thankyou|leafmailer[0-9.]*)\\\\.php" at REQUEST_URI. [file "/opt/mod_security/hg_rules.conf"] [line "1546"] [id "900923"] [msg "contact form logging"] [hostname "tereashops.com"] [uri "/wp-comments-post.php"] [unique_id "amuAU5SUkh3e5AhEJOBlhQAAAck"]
[Thu Jul 30 11:48:19.742667 2026] [security2:error] [pid 643573:tid 643715] [client 68.221.186.136:41272] ModSecurity: Access denied with code 409 (phase 1). RBL lookup of 136.186.221.68.vulnscan.websitewelcome.com succeeded at REMOTE_ADDR. [file "/opt/mod_security/hg_rules.conf"] [line "1566"] [id "900933"] [msg "Vulnerability Scan RBL: vulnscan.websitewelcome.com"] [hostname "upns.ca"] [uri "/bnm.php"] [unique_id "amuAU_xWyxgRnoFKAJ_nOwAAAhk"]
[Thu Jul 30 11:48:19.791404 2026] [security2:error] [pid 643573:tid 643737] [client 172.236.9.101:17092] ModSecurity: Warning. Pattern match "301|404|302" at RESPONSE_STATUS. [file "/opt/mod_security/hg_rules.conf"] [line "1570"] [id "900934"] [msg "404 php LOGGING"] [data "404"] [hostname "alseermarine.com"] [uri "/index.php"] [unique_id "amuAU_xWyxgRnoFKAJ_nOAAAAi8"]
[Thu Jul 30 11:48:19.864103 2026] [security2:error] [pid 642360:tid 642508] [client 57.141.0.46:0] ModSecurity: Warning. Pattern match "301|404|302" at RESPONSE_STATUS. [file "/opt/mod_security/hg_rules.conf"] [line "1570"] [id "900934"] [msg "404 php LOGGING"] [data "404"] [hostname "saifalkhaleejest.com"] [uri "/index.php"] [unique_id "amuAU5SUkh3e5AhEJOBlgQAAAaE"]
[Thu Jul 30 11:48:19.943106 2026] [security2:error] [pid 643573:tid 643799] [client 114.119.149.78:25599] ModSecurity: Access denied with code 406 (phase 1). Pattern match "ZoominfoBot|NetcraftSurveyAgent|MJ12bot|(?i:BUbiNG)|D(?i:otbot)| oBot/|MegaIndex\\\\.ru|Barkrowler|Spbot|DomainCrawler|Seznam|CCBot|SiteExplorer|OpenLinkProfiler|Sogou web spider|360Spider|Semrush|Panscient|crawler\\\\.feedback([+]\\\\S+)?@gmail\\\\.com|MauiBo ..." at REQUEST_HEADERS:User-Agent. [file "/opt/mod_security/hg_rules.conf"] [line "585"] [id "999812"] [msg "Problematic Crawler"] [hostname "bisbeewalk.com"] [uri "/images/Bisbee_jflatspanfromtun.jpg"] [unique_id "amuAU_xWyxgRnoFKAJ_nPQAAAm0"], referer: https://bisbeewalk.com/images/Bisbee_jflatspanfromtun.jpg
[Thu Jul 30 11:48:20.189816 2026] [core:notice] [pid 643573:tid 643731] AH00113: /home1/vdbnyxte/public_html/website_7c59acf7/.htaccess:23 cannot use a full URL in a 401 ErrorDocument directive --- ignoring!
[Thu Jul 30 11:48:20.193828 2026] [security2:error] [pid 643573:tid 643731] [client 103.215.74.26:32206] ModSecurity: Access denied with code 406 (phase 2). Pattern match "(?:\\\\b(?:alter|drop)\\\\b [a-z0-9]+ \\\\b(?:column|database|procedure|table)\\\\b|delete[[:space:]] .{1,100}+ update [a-z0-9]+ set .{1,100}+=|union all select |\\\\bunion\\\\b.{1,100}?\\\\bselect\\\\b.{0,200}[a-z0-9]+ from |select (?:load_file|char ?\\\\()|(?:insert|r ..." at ARGS:requests.requests.body.requests.requests.path. [file "/etc/httpd/modsecurity.d/10_asl_rules.conf"] [line "314"] [id "340144"] [rev "38"] [msg "Atomicorp.com WAF Rules: Generic SQL injection protection 2"] [data "744"] [severity "CRITICAL"] [tag "SQLi"] [hostname "carnetdeshopping.com"] [uri "/"] [unique_id "amuAVPxWyxgRnoFKAJ_nPgAAAik"], referer: https://carnetdeshopping.com/
[Thu Jul 30 11:48:20.363178 2026] [security2:error] [pid 642360:tid 642548] [client 103.156.16.241:51372] ModSecurity: Warning. Pattern match "POST" at REQUEST_METHOD. [file "/opt/mod_security/hg_rules.conf"] [line "147"] [id "900404"] [msg "wp-comments-post POST logging"] [data "429"] [hostname "tereashops.com"] [uri "/wp-comments-post.php"] [unique_id "amuAU5SUkh3e5AhEJOBlhQAAAck"]
[Thu Jul 30 11:48:20.542882 2026] [security2:error] [pid 642360:tid 642608] [client 68.221.186.136:41218] ModSecurity: Access denied with code 409 (phase 1). RBL lookup of 136.186.221.68.vulnscan.websitewelcome.com succeeded at REMOTE_ADDR. [file "/opt/mod_security/hg_rules.conf"] [line "1566"] [id "900933"] [msg "Vulnerability Scan RBL: vulnscan.websitewelcome.com"] [hostname "upns.ca"] [uri "/bootstrap.php"] [unique_id "amuAVJSUkh3e5AhEJOBllAAAAgU"]
[Thu Jul 30 11:48:20.793505 2026] [security2:error] [pid 643573:tid 643806] [client 172.236.9.101:43355] ModSecurity: Warning. Pattern match "301|404|302" at RESPONSE_STATUS. [file "/opt/mod_security/hg_rules.conf"] [line "1570"] [id "900934"] [msg "404 php LOGGING"] [data "404"] [hostname "alseermarine.com"] [uri "/index.php"] [unique_id "amuAVPxWyxgRnoFKAJ_nPwAAAnQ"]
[Thu Jul 30 11:48:20.846508 2026] [security2:error] [pid 643573:tid 643805] [client 172.236.9.101:40128] ModSecurity: Warning. Pattern match "301|404|302" at RESPONSE_STATUS. [file "/opt/mod_security/hg_rules.conf"] [line "1570"] [id "900934"] [msg "404 php LOGGING"] [data "404"] [hostname "alseermarine.com"] [uri "/index.php"] [unique_id "amuAVPxWyxgRnoFKAJ_nQAAAAnM"]
[Thu Jul 30 11:48:20.888475 2026] [security2:error] [pid 643573:tid 643822] [client 172.236.9.101:38132] ModSecurity: Warning. Pattern match "301|404|302" at RESPONSE_STATUS. [file "/opt/mod_security/hg_rules.conf"] [line "1570"] [id "900934"] [msg "404 php LOGGING"] [data "404"] [hostname "alseermarine.com"] [uri "/index.php"] [unique_id "amuAVPxWyxgRnoFKAJ_nQQAAAoQ"]
[Thu Jul 30 11:48:20.912752 2026] [security2:error] [pid 643573:tid 643767] [client 172.236.9.101:27428] ModSecurity: Warning. Pattern match "301|404|302" at RESPONSE_STATUS. [file "/opt/mod_security/hg_rules.conf"] [line "1570"] [id "900934"] [msg "404 php LOGGING"] [data "404"] [hostname "alseermarine.com"] [uri "/index.php"] [unique_id "amuAVPxWyxgRnoFKAJ_nQgAAAk0"]
[Thu Jul 30 11:48:20.924111 2026] [core:notice] [pid 643573:tid 643775] AH00113: /home1/vdbnyxte/public_html/website_7c59acf7/.htaccess:23 cannot use a full URL in a 401 ErrorDocument directive --- ignoring!
[Thu Jul 30 11:48:20.932151 2026] [security2:error] [pid 643573:tid 643775] [client 103.215.74.26:32222] ModSecurity: Access denied with code 406 (phase 2). Pattern match "(?:\\\\b(?:alter|drop)\\\\b [a-z0-9]+ \\\\b(?:column|database|procedure|table)\\\\b|delete[[:space:]] .{1,100}+ update [a-z0-9]+ set .{1,100}+=|union all select |\\\\bunion\\\\b.{1,100}?\\\\bselect\\\\b.{0,200}[a-z0-9]+ from |select (?:load_file|char ?\\\\()|(?:insert|r ..." at ARGS:requests.requests.body.requests.requests.path. [file "/etc/httpd/modsecurity.d/10_asl_rules.conf"] [line "314"] [id "340144"] [rev "38"] [msg "Atomicorp.com WAF Rules: Generic SQL injection protection 2"] [data "744"] [severity "CRITICAL"] [tag "SQLi"] [hostname "carnetdeshopping.com"] [uri "/"] [unique_id "amuAVPxWyxgRnoFKAJ_nRwAAAlU"], referer: https://carnetdeshopping.com/
[Thu Jul 30 11:48:21.408661 2026] [security2:error] [pid 642360:tid 642419] [remote 190.92.174.190:37100] ModSecurity: Access denied with code 409 (phase 1). RBL lookup of 190.174.92.190.testwprbl.websitewelcome.com succeeded at REMOTE_ADDR. [file "/opt/mod_security/hg_rules.conf"] [line "176"] [id "900407"] [msg "Wordpress and Joomla Brute RBL: testwprbl.websitewelcome.com"] [hostname "emmelevate.club"] [uri "/wp-login.php"] [unique_id "amuAVZSUkh3e5AhEJOBlnQAB8Do"]
[Thu Jul 30 11:48:21.667387 2026] [core:notice] [pid 642360:tid 642504] AH00113: /home1/vdbnyxte/public_html/website_7c59acf7/.htaccess:23 cannot use a full URL in a 401 ErrorDocument directive --- ignoring!
[Thu Jul 30 11:48:21.671508 2026] [security2:error] [pid 642360:tid 642504] [client 103.215.74.26:32224] ModSecurity: Access denied with code 406 (phase 2). Pattern match "(?:\\\\b(?:alter|drop)\\\\b [a-z0-9]+ \\\\b(?:column|database|procedure|table)\\\\b|delete[[:space:]] .{1,100}+ update [a-z0-9]+ set .{1,100}+=|union all select |\\\\bunion\\\\b.{1,100}?\\\\bselect\\\\b.{0,200}[a-z0-9]+ from |select (?:load_file|char ?\\\\()|(?:insert|r ..." at ARGS:requests.requests.body.requests.requests.path. [file "/etc/httpd/modsecurity.d/10_asl_rules.conf"] [line "314"] [id "340144"] [rev "38"] [msg "Atomicorp.com WAF Rules: Generic SQL injection protection 2"] [data "743"] [severity "CRITICAL"] [tag "SQLi"] [hostname "carnetdeshopping.com"] [uri "/"] [unique_id "amuAVZSUkh3e5AhEJOBloQAAAZ0"], referer: https://carnetdeshopping.com/
[Thu Jul 30 11:48:22.403596 2026] [core:notice] [pid 642360:tid 642539] AH00113: /home1/vdbnyxte/public_html/website_7c59acf7/.htaccess:23 cannot use a full URL in a 401 ErrorDocument directive --- ignoring!
[Thu Jul 30 11:48:22.409947 2026] [security2:error] [pid 642360:tid 642539] [client 103.215.74.26:32232] ModSecurity: Access denied with code 406 (phase 2). Pattern match "(?:\\\\b(?:alter|drop)\\\\b [a-z0-9]+ \\\\b(?:column|database|procedure|table)\\\\b|delete[[:space:]] .{1,100}+ update [a-z0-9]+ set .{1,100}+=|union all select |\\\\bunion\\\\b.{1,100}?\\\\bselect\\\\b.{0,200}[a-z0-9]+ from |select (?:load_file|char ?\\\\()|(?:insert|r ..." at ARGS:requests.requests.body.requests.requests.path. [file "/etc/httpd/modsecurity.d/10_asl_rules.conf"] [line "314"] [id "340144"] [rev "38"] [msg "Atomicorp.com WAF Rules: Generic SQL injection protection 2"] [data "745"] [severity "CRITICAL"] [tag "SQLi"] [hostname "carnetdeshopping.com"] [uri "/"] [unique_id "amuAVpSUkh3e5AhEJOBlpwAAAcA"], referer: https://carnetdeshopping.com/
[Thu Jul 30 11:48:22.482391 2026] [security2:error] [pid 642360:tid 642593] [client 68.221.186.136:46583] ModSecurity: Access denied with code 409 (phase 1). RBL lookup of 136.186.221.68.vulnscan.websitewelcome.com succeeded at REMOTE_ADDR. [file "/opt/mod_security/hg_rules.conf"] [line "1566"] [id "900933"] [msg "Vulnerability Scan RBL: vulnscan.websitewelcome.com"] [hostname "cpcalendars.bonafideadvisors.com"] [uri "/13.php"] [unique_id "amuAVpSUkh3e5AhEJOBlqQAAAfY"]
