[Thu Jul 30 11:41:27.025619 2026] [qos:error] [pid 643253:tid 643462] [client 136.109.111.23:0] mod_qos(010): access denied, QS_LocRequestLimit* rule: /(100), concurrent requests=101, c=50.6.112.84, id=amt-t8jqbtjBYzqM1uYigAAAAE4
[Thu Jul 30 11:41:27.038301 2026] [qos:error] [pid 642360:tid 642558] [client 136.109.111.23:47498] mod_qos(010): access denied, QS_LocRequestLimit* rule: /(100), concurrent requests=101, c=136.109.111.23, id=amt-t5SUkh3e5AhEJOBT2QAAAdM
[Thu Jul 30 11:41:27.044966 2026] [qos:error] [pid 643253:tid 643491] [client 136.109.111.23:0] mod_qos(010): access denied, QS_LocRequestLimit* rule: /(100), concurrent requests=101, c=50.6.112.84, id=amt-t8jqbtjBYzqM1uYihQAAAGs
[Thu Jul 30 11:41:27.114960 2026] [qos:error] [pid 642360:tid 642593] [client 136.109.111.23:0] mod_qos(010): access denied, QS_LocRequestLimit* rule: /(100), concurrent requests=101, c=50.6.112.84, id=amt-t5SUkh3e5AhEJOBT3AAAAfY
[Thu Jul 30 11:41:27.125646 2026] [qos:error] [pid 642360:tid 642504] [client 136.109.111.23:47796] mod_qos(010): access denied, QS_LocRequestLimit* rule: /(100), concurrent requests=101, c=136.109.111.23, id=amt-t5SUkh3e5AhEJOBT3wAAAZ0
[Thu Jul 30 11:41:27.143912 2026] [qos:error] [pid 643253:tid 643496] [client 136.109.111.23:0] mod_qos(010): access denied, QS_LocRequestLimit* rule: /(100), concurrent requests=101, c=50.6.112.84, id=amt-t8jqbtjBYzqM1uYiiQAAAHA
[Thu Jul 30 11:41:27.147550 2026] [qos:error] [pid 642360:tid 642533] [client 136.109.111.23:47532] mod_qos(010): access denied, QS_LocRequestLimit* rule: /(100), concurrent requests=101, c=136.109.111.23, id=amt-t5SUkh3e5AhEJOBT4wAAAbo
[Thu Jul 30 11:41:27.157579 2026] [qos:error] [pid 643253:tid 643500] [client 136.109.111.23:0] mod_qos(010): access denied, QS_LocRequestLimit* rule: /(100), concurrent requests=101, c=50.6.112.84, id=amt-t8jqbtjBYzqM1uYiiwAAAHQ
[Thu Jul 30 11:41:27.165535 2026] [qos:error] [pid 642360:tid 642537] [client 136.109.111.23:47594] mod_qos(010): access denied, QS_LocRequestLimit* rule: /(100), concurrent requests=101, c=136.109.111.23, id=amt-t5SUkh3e5AhEJOBT5gAAAb4
[Thu Jul 30 11:41:27.172129 2026] [qos:error] [pid 642360:tid 642558] [client 136.109.111.23:47450] mod_qos(010): access denied, QS_LocRequestLimit* rule: /(100), concurrent requests=101, c=136.109.111.23, id=amt-t5SUkh3e5AhEJOBT5wAAAdM
[Thu Jul 30 11:41:27.201696 2026] [qos:error] [pid 642360:tid 642602] [client 136.109.111.23:47550] mod_qos(010): access denied, QS_LocRequestLimit* rule: /(100), concurrent requests=101, c=136.109.111.23, id=amt-t5SUkh3e5AhEJOBT6QAAAf8
[Thu Jul 30 11:41:27.202052 2026] [qos:error] [pid 642360:tid 642588] [client 136.109.111.23:47306] mod_qos(010): access denied, QS_LocRequestLimit* rule: /(100), concurrent requests=101, c=136.109.111.23, id=amt-t5SUkh3e5AhEJOBT6gAAAfE
[Thu Jul 30 11:41:27.224122 2026] [qos:error] [pid 642360:tid 642525] [client 136.109.111.23:47714] mod_qos(010): access denied, QS_LocRequestLimit* rule: /(100), concurrent requests=101, c=136.109.111.23, id=amt-t5SUkh3e5AhEJOBT7AAAAbI
[Thu Jul 30 11:41:27.225746 2026] [qos:error] [pid 642360:tid 642521] [client 136.109.111.23:47318] mod_qos(010): access denied, QS_LocRequestLimit* rule: /(100), concurrent requests=101, c=136.109.111.23, id=amt-t5SUkh3e5AhEJOBT7QAAAa4
[Thu Jul 30 11:41:27.226127 2026] [qos:error] [pid 642360:tid 642593] [client 136.109.111.23:47690] mod_qos(010): access denied, QS_LocRequestLimit* rule: /(100), concurrent requests=101, c=136.109.111.23, id=amt-t5SUkh3e5AhEJOBT7gAAAfY
[Thu Jul 30 11:41:27.227593 2026] [qos:error] [pid 642360:tid 642527] [client 136.109.111.23:47246] mod_qos(010): access denied, QS_LocRequestLimit* rule: /(100), concurrent requests=101, c=136.109.111.23, id=amt-t5SUkh3e5AhEJOBT8AAAAbQ
[Thu Jul 30 11:41:27.227644 2026] [qos:error] [pid 642360:tid 642613] [client 136.109.111.23:47374] mod_qos(010): access denied, QS_LocRequestLimit* rule: /(100), concurrent requests=102, c=136.109.111.23, id=amt-t5SUkh3e5AhEJOBT7wAAAgo
[Thu Jul 30 11:41:27.228396 2026] [qos:error] [pid 642360:tid 642504] [client 136.109.111.23:47760] mod_qos(010): access denied, QS_LocRequestLimit* rule: /(100), concurrent requests=101, c=136.109.111.23, id=amt-t5SUkh3e5AhEJOBT8QAAAZ0
[Thu Jul 30 11:41:27.229243 2026] [qos:error] [pid 642360:tid 642559] [client 136.109.111.23:47488] mod_qos(010): access denied, QS_LocRequestLimit* rule: /(100), concurrent requests=101, c=136.109.111.23, id=amt-t5SUkh3e5AhEJOBT8gAAAdQ
[Thu Jul 30 11:41:27.229705 2026] [qos:error] [pid 642360:tid 642543] [client 136.109.111.23:47270] mod_qos(010): access denied, QS_LocRequestLimit* rule: /(100), concurrent requests=101, c=136.109.111.23, id=amt-t5SUkh3e5AhEJOBT8wAAAcQ
[Thu Jul 30 11:41:27.229776 2026] [qos:error] [pid 642360:tid 642601] [client 136.109.111.23:47362] mod_qos(010): access denied, QS_LocRequestLimit* rule: /(100), concurrent requests=102, c=136.109.111.23, id=amt-t5SUkh3e5AhEJOBT9AAAAf4
[Thu Jul 30 11:41:27.230631 2026] [qos:error] [pid 642360:tid 642533] [client 136.109.111.23:47236] mod_qos(010): access denied, QS_LocRequestLimit* rule: /(100), concurrent requests=101, c=136.109.111.23, id=amt-t5SUkh3e5AhEJOBT9QAAAbo
[Thu Jul 30 11:41:27.231480 2026] [qos:error] [pid 642360:tid 642523] [client 136.109.111.23:47344] mod_qos(010): access denied, QS_LocRequestLimit* rule: /(100), concurrent requests=101, c=136.109.111.23, id=amt-t5SUkh3e5AhEJOBT9gAAAbA
[Thu Jul 30 11:41:27.235308 2026] [qos:error] [pid 642360:tid 642537] [client 136.109.111.23:47412] mod_qos(010): access denied, QS_LocRequestLimit* rule: /(100), concurrent requests=101, c=136.109.111.23, id=amt-t5SUkh3e5AhEJOBT9wAAAb4
[Thu Jul 30 11:41:27.235789 2026] [qos:error] [pid 642360:tid 642558] [client 136.109.111.23:47580] mod_qos(010): access denied, QS_LocRequestLimit* rule: /(100), concurrent requests=101, c=136.109.111.23, id=amt-t5SUkh3e5AhEJOBT-AAAAdM
[Thu Jul 30 11:41:27.241413 2026] [qos:error] [pid 642360:tid 642528] [client 136.109.111.23:47694] mod_qos(010): access denied, QS_LocRequestLimit* rule: /(100), concurrent requests=101, c=136.109.111.23, id=amt-t5SUkh3e5AhEJOBT-QAAAbU
[Thu Jul 30 11:41:27.244372 2026] [qos:error] [pid 642360:tid 642578] [client 136.109.111.23:47186] mod_qos(010): access denied, QS_LocRequestLimit* rule: /(100), concurrent requests=101, c=136.109.111.23, id=amt-t5SUkh3e5AhEJOBT-gAAAec
[Thu Jul 30 11:41:27.248371 2026] [qos:error] [pid 642360:tid 642568] [client 136.109.111.23:47618] mod_qos(010): access denied, QS_LocRequestLimit* rule: /(100), concurrent requests=101, c=136.109.111.23, id=amt-t5SUkh3e5AhEJOBT-wAAAd0
[Thu Jul 30 11:41:27.258628 2026] [qos:error] [pid 642360:tid 642594] [client 136.109.111.23:47406] mod_qos(010): access denied, QS_LocRequestLimit* rule: /(100), concurrent requests=101, c=136.109.111.23, id=amt-t5SUkh3e5AhEJOBT_AAAAfc
[Thu Jul 30 11:41:27.296220 2026] [security2:error] [pid 642360:tid 642520] [client 136.109.111.23:0] ModSecurity: Warning. Pattern match "301|404|302" at RESPONSE_STATUS. [file "/opt/mod_security/hg_rules.conf"] [line "1570"] [id "900934"] [msg "404 php LOGGING"] [data "301"] [hostname "cnpinyin.com"] [uri "/index.php"] [unique_id "amt-tpSUkh3e5AhEJOBTiAAAAa0"]
[Thu Jul 30 11:41:27.324329 2026] [http2:info] [pid 643573:tid 643573] h2_workers: created with min=128 max=192 idle_ms=600000
[Thu Jul 30 11:41:27.346676 2026] [security2:error] [pid 643253:tid 643410] [client 136.109.111.23:0] ModSecurity: Warning. Pattern match "301|404|302" at RESPONSE_STATUS. [file "/opt/mod_security/hg_rules.conf"] [line "1570"] [id "900934"] [msg "404 php LOGGING"] [data "301"] [hostname "cnpinyin.com"] [uri "/index.php"] [unique_id "amt-tsjqbtjBYzqM1uYiIAAAABo"]
[Thu Jul 30 11:41:27.355364 2026] [security2:error] [pid 643253:tid 643413] [client 136.109.111.23:0] ModSecurity: Warning. Pattern match "301|404|302" at RESPONSE_STATUS. [file "/opt/mod_security/hg_rules.conf"] [line "1570"] [id "900934"] [msg "404 php LOGGING"] [data "301"] [hostname "cnpinyin.com"] [uri "/index.php"] [unique_id "amt-tsjqbtjBYzqM1uYiHAAAAB0"]
[Thu Jul 30 11:41:27.371440 2026] [qos:error] [pid 642360:tid 642558] [client 136.109.111.23:0] mod_qos(010): access denied, QS_LocRequestLimit* rule: /(100), concurrent requests=101, c=50.6.112.84, id=amt-t5SUkh3e5AhEJOBUBAAAAdM
[Thu Jul 30 11:41:27.394427 2026] [qos:error] [pid 642360:tid 642606] [client 136.109.111.23:47796] mod_qos(010): access denied, QS_LocRequestLimit* rule: /(100), concurrent requests=101, c=136.109.111.23, id=amt-t5SUkh3e5AhEJOBUCAAAAgM
[Thu Jul 30 11:41:27.395020 2026] [qos:error] [pid 642360:tid 642594] [client 136.109.111.23:0] mod_qos(010): access denied, QS_LocRequestLimit* rule: /(100), concurrent requests=101, c=50.6.112.84, id=amt-t5SUkh3e5AhEJOBUCQAAAfc
[Thu Jul 30 11:41:27.441986 2026] [qos:error] [pid 642360:tid 642520] [client 136.109.111.23:47532] mod_qos(010): access denied, QS_LocRequestLimit* rule: /(100), concurrent requests=101, c=136.109.111.23, id=amt-t5SUkh3e5AhEJOBUDAAAAa0
[Thu Jul 30 11:41:27.444350 2026] [core:notice] [pid 643253:tid 643459] AH00113: /home1/vdbnyxte/public_html/website_2258ef87/.htaccess:22 cannot use a full URL in a 401 ErrorDocument directive --- ignoring!
[Thu Jul 30 11:41:27.445846 2026] [qos:error] [pid 642360:tid 642593] [client 136.109.111.23:47594] mod_qos(010): access denied, QS_LocRequestLimit* rule: /(100), concurrent requests=101, c=136.109.111.23, id=amt-t5SUkh3e5AhEJOBUDgAAAfY
[Thu Jul 30 11:41:27.446052 2026] [qos:error] [pid 642360:tid 642521] [client 136.109.111.23:47524] mod_qos(010): access denied, QS_LocRequestLimit* rule: /(100), concurrent requests=101, c=136.109.111.23, id=amt-t5SUkh3e5AhEJOBUDQAAAa4
[Thu Jul 30 11:41:27.446121 2026] [qos:error] [pid 642360:tid 642522] [client 136.109.111.23:47384] mod_qos(010): access denied, QS_LocRequestLimit* rule: /(100), concurrent requests=102, c=136.109.111.23, id=amt-t5SUkh3e5AhEJOBUDwAAAa8
[Thu Jul 30 11:41:27.446699 2026] [qos:error] [pid 642360:tid 642577] [client 136.109.111.23:47306] mod_qos(010): access denied, QS_LocRequestLimit* rule: /(100), concurrent requests=101, c=136.109.111.23, id=amt-t5SUkh3e5AhEJOBUEQAAAeY
[Thu Jul 30 11:41:27.447528 2026] [qos:error] [pid 642360:tid 642612] [client 136.109.111.23:47550] mod_qos(010): access denied, QS_LocRequestLimit* rule: /(100), concurrent requests=101, c=136.109.111.23, id=amt-t5SUkh3e5AhEJOBUEAAAAgk
[Thu Jul 30 11:41:27.448190 2026] [qos:error] [pid 642360:tid 642531] [client 136.109.111.23:47714] mod_qos(010): access denied, QS_LocRequestLimit* rule: /(100), concurrent requests=101, c=136.109.111.23, id=amt-t5SUkh3e5AhEJOBUEgAAAbg
[Thu Jul 30 11:41:27.448832 2026] [qos:error] [pid 642360:tid 642527] [client 136.109.111.23:47690] mod_qos(010): access denied, QS_LocRequestLimit* rule: /(100), concurrent requests=101, c=136.109.111.23, id=amt-t5SUkh3e5AhEJOBUEwAAAbQ
[Thu Jul 30 11:41:27.449717 2026] [qos:error] [pid 643573:tid 643729] [client 136.109.111.23:0] mod_qos(010): access denied, QS_LocRequestLimit* rule: /(100), concurrent requests=101, c=50.6.112.84, id=amt-t_xWyxgRnoFKAJ_TJQAAAic
[Thu Jul 30 11:41:27.453804 2026] [qos:error] [pid 642360:tid 642576] [client 136.109.111.23:47246] mod_qos(010): access denied, QS_LocRequestLimit* rule: /(100), concurrent requests=101, c=136.109.111.23, id=amt-t5SUkh3e5AhEJOBUFQAAAeU
[Thu Jul 30 11:41:27.454381 2026] [qos:error] [pid 642360:tid 642576] [client 136.109.111.23:47318] mod_qos(010): access denied, QS_LocRequestLimit* rule: /(100), concurrent requests=101, c=136.109.111.23, id=amt-t5SUkh3e5AhEJOBUFwAAAeU
[Thu Jul 30 11:41:27.454685 2026] [qos:error] [pid 642360:tid 642542] [client 136.109.111.23:47374] mod_qos(010): access denied, QS_LocRequestLimit* rule: /(100), concurrent requests=101, c=136.109.111.23, id=amt-t5SUkh3e5AhEJOBUFgAAAcM
[Thu Jul 30 11:41:27.458214 2026] [qos:error] [pid 642360:tid 642601] [client 136.109.111.23:47760] mod_qos(010): access denied, QS_LocRequestLimit* rule: /(100), concurrent requests=101, c=136.109.111.23, id=amt-t5SUkh3e5AhEJOBUGAAAAf4
[Thu Jul 30 11:41:27.458779 2026] [qos:error] [pid 642360:tid 642558] [client 136.109.111.23:47450] mod_qos(010): access denied, QS_LocRequestLimit* rule: /(100), concurrent requests=101, c=136.109.111.23, id=amt-t5SUkh3e5AhEJOBUGQAAAdM
[Thu Jul 30 11:41:27.461519 2026] [qos:error] [pid 642360:tid 642528] [client 136.109.111.23:0] mod_qos(010): access denied, QS_LocRequestLimit* rule: /(100), concurrent requests=101, c=50.6.112.84, id=amt-t5SUkh3e5AhEJOBUGgAAAbU
[Thu Jul 30 11:41:27.467609 2026] [qos:error] [pid 642360:tid 642606] [client 136.109.111.23:47236] mod_qos(010): access denied, QS_LocRequestLimit* rule: /(100), concurrent requests=101, c=136.109.111.23, id=amt-t5SUkh3e5AhEJOBUHAAAAgM
[Thu Jul 30 11:41:27.477714 2026] [qos:error] [pid 643573:tid 643718] [client 136.109.111.23:0] mod_qos(010): access denied, QS_LocRequestLimit* rule: /(100), concurrent requests=101, c=50.6.112.84, id=amt-t_xWyxgRnoFKAJ_TKAAAAhw
[Thu Jul 30 11:41:27.482812 2026] [qos:error] [pid 642360:tid 642520] [client 136.109.111.23:47362] mod_qos(010): access denied, QS_LocRequestLimit* rule: /(100), concurrent requests=101, c=136.109.111.23, id=amt-t5SUkh3e5AhEJOBUIAAAAa0
[Thu Jul 30 11:41:27.491616 2026] [qos:error] [pid 643573:tid 643727] [client 136.109.111.23:0] mod_qos(010): access denied, QS_LocRequestLimit* rule: /(100), concurrent requests=101, c=50.6.112.84, id=amt-t_xWyxgRnoFKAJ_TKgAAAiU
[Thu Jul 30 11:41:27.539153 2026] [qos:error] [pid 643573:tid 643715] [client 136.109.111.23:0] mod_qos(010): access denied, QS_LocRequestLimit* rule: /(100), concurrent requests=101, c=50.6.112.84, id=amt-t_xWyxgRnoFKAJ_TKwAAAhk
[Thu Jul 30 11:41:27.612549 2026] [qos:error] [pid 642360:tid 642527] [client 136.109.111.23:47186] mod_qos(010): access denied, QS_LocRequestLimit* rule: /(100), concurrent requests=101, c=136.109.111.23, id=amt-t5SUkh3e5AhEJOBUJQAAAbQ
[Thu Jul 30 11:41:27.612623 2026] [qos:error] [pid 642360:tid 642531] [client 136.109.111.23:0] mod_qos(010): access denied, QS_LocRequestLimit* rule: /(100), concurrent requests=102, c=50.6.112.84, id=amt-t5SUkh3e5AhEJOBUJgAAAbg
[Thu Jul 30 11:41:27.619090 2026] [qos:error] [pid 642360:tid 642559] [client 136.109.111.23:47618] mod_qos(010): access denied, QS_LocRequestLimit* rule: /(100), concurrent requests=101, c=136.109.111.23, id=amt-t5SUkh3e5AhEJOBUKAAAAdQ
[Thu Jul 30 11:41:27.622087 2026] [qos:error] [pid 642360:tid 642542] [client 136.109.111.23:47406] mod_qos(010): access denied, QS_LocRequestLimit* rule: /(100), concurrent requests=101, c=136.109.111.23, id=amt-t5SUkh3e5AhEJOBUKgAAAcM
[Thu Jul 30 11:41:27.622355 2026] [qos:error] [pid 642360:tid 642601] [client 136.109.111.23:47852] mod_qos(010): access denied, QS_LocRequestLimit* rule: /(100), concurrent requests=101, c=136.109.111.23, id=amt-t5SUkh3e5AhEJOBUKwAAAf4
[Thu Jul 30 11:41:27.628672 2026] [qos:error] [pid 643253:tid 643488] [client 136.109.111.23:0] mod_qos(010): access denied, QS_LocRequestLimit* rule: /(100), concurrent requests=101, c=50.6.112.84, id=amt-t8jqbtjBYzqM1uYilQAAAGg
[Thu Jul 30 11:41:27.628871 2026] [qos:error] [pid 642360:tid 642558] [client 136.109.111.23:47558] mod_qos(010): access denied, QS_LocRequestLimit* rule: /(100), concurrent requests=101, c=136.109.111.23, id=amt-t5SUkh3e5AhEJOBULAAAAdM
[Thu Jul 30 11:41:27.657531 2026] [qos:error] [pid 642360:tid 642613] [client 136.109.111.23:0] mod_qos(010): access denied, QS_LocRequestLimit* rule: /(100), concurrent requests=101, c=50.6.112.84, id=amt-t5SUkh3e5AhEJOBUMAAAAgo
[Thu Jul 30 11:41:27.682837 2026] [qos:error] [pid 642360:tid 642602] [client 136.109.111.23:47796] mod_qos(010): access denied, QS_LocRequestLimit* rule: /(100), concurrent requests=101, c=136.109.111.23, id=amt-t5SUkh3e5AhEJOBUNQAAAf8
[Thu Jul 30 11:41:27.682998 2026] [qos:error] [pid 642360:tid 642505] [client 136.109.111.23:47594] mod_qos(010): access denied, QS_LocRequestLimit* rule: /(100), concurrent requests=101, c=136.109.111.23, id=amt-t5SUkh3e5AhEJOBUNAAAAZ4
[Thu Jul 30 11:41:27.684224 2026] [qos:error] [pid 642360:tid 642602] [client 136.109.111.23:47532] mod_qos(010): access denied, QS_LocRequestLimit* rule: /(100), concurrent requests=101, c=136.109.111.23, id=amt-t5SUkh3e5AhEJOBUNgAAAf8
[Thu Jul 30 11:41:27.684623 2026] [qos:error] [pid 642360:tid 642521] [client 136.109.111.23:47384] mod_qos(010): access denied, QS_LocRequestLimit* rule: /(100), concurrent requests=101, c=136.109.111.23, id=amt-t5SUkh3e5AhEJOBUNwAAAa4
[Thu Jul 30 11:41:27.684922 2026] [qos:error] [pid 642360:tid 642527] [client 136.109.111.23:47220] mod_qos(010): access denied, QS_LocRequestLimit* rule: /(100), concurrent requests=101, c=136.109.111.23, id=amt-t5SUkh3e5AhEJOBUOwAAAbQ
[Thu Jul 30 11:41:27.685065 2026] [qos:error] [pid 642360:tid 642577] [client 136.109.111.23:47690] mod_qos(010): access denied, QS_LocRequestLimit* rule: /(100), concurrent requests=101, c=136.109.111.23, id=amt-t5SUkh3e5AhEJOBUOgAAAeY
[Thu Jul 30 11:41:27.685099 2026] [qos:error] [pid 642360:tid 642540] [client 136.109.111.23:47306] mod_qos(010): access denied, QS_LocRequestLimit* rule: /(100), concurrent requests=102, c=136.109.111.23, id=amt-t5SUkh3e5AhEJOBUOAAAAcE
[Thu Jul 30 11:41:27.685574 2026] [qos:error] [pid 642360:tid 642593] [client 136.109.111.23:47550] mod_qos(010): access denied, QS_LocRequestLimit* rule: /(100), concurrent requests=101, c=136.109.111.23, id=amt-t5SUkh3e5AhEJOBUOQAAAfY
[Thu Jul 30 11:41:27.686458 2026] [qos:error] [pid 642360:tid 642531] [client 136.109.111.23:47446] mod_qos(010): access denied, QS_LocRequestLimit* rule: /(100), concurrent requests=101, c=136.109.111.23, id=amt-t5SUkh3e5AhEJOBUPAAAAbg
[Thu Jul 30 11:41:27.688072 2026] [qos:error] [pid 642360:tid 642502] [client 136.109.111.23:0] mod_qos(010): access denied, QS_LocRequestLimit* rule: /(100), concurrent requests=101, c=50.6.112.84, id=amt-t5SUkh3e5AhEJOBUPQAAAZs
[Thu Jul 30 11:41:27.706698 2026] [qos:error] [pid 642360:tid 642558] [client 136.109.111.23:47714] mod_qos(010): access denied, QS_LocRequestLimit* rule: /(100), concurrent requests=101, c=136.109.111.23, id=amt-t5SUkh3e5AhEJOBUQQAAAdM
[Thu Jul 30 11:41:27.708063 2026] [qos:error] [pid 642360:tid 642558] [client 136.109.111.23:47524] mod_qos(010): access denied, QS_LocRequestLimit* rule: /(100), concurrent requests=101, c=136.109.111.23, id=amt-t5SUkh3e5AhEJOBUQgAAAdM
[Thu Jul 30 11:41:27.711716 2026] [qos:error] [pid 642360:tid 642528] [client 136.109.111.23:0] mod_qos(010): access denied, QS_LocRequestLimit* rule: /(100), concurrent requests=101, c=50.6.112.84, id=amt-t5SUkh3e5AhEJOBUQwAAAbU
[Thu Jul 30 11:41:27.713460 2026] [qos:error] [pid 642360:tid 642613] [client 136.109.111.23:47246] mod_qos(010): access denied, QS_LocRequestLimit* rule: /(100), concurrent requests=101, c=136.109.111.23, id=amt-t5SUkh3e5AhEJOBURAAAAgo
[Thu Jul 30 11:41:27.713651 2026] [qos:error] [pid 642360:tid 642594] [client 136.109.111.23:47374] mod_qos(010): access denied, QS_LocRequestLimit* rule: /(100), concurrent requests=101, c=136.109.111.23, id=amt-t5SUkh3e5AhEJOBURgAAAfc
[Thu Jul 30 11:41:27.720263 2026] [qos:error] [pid 642360:tid 642505] [client 136.109.111.23:47488] mod_qos(010): access denied, QS_LocRequestLimit* rule: /(100), concurrent requests=101, c=136.109.111.23, id=amt-t5SUkh3e5AhEJOBUSAAAAZ4
[Thu Jul 30 11:41:27.721710 2026] [qos:error] [pid 642360:tid 642602] [client 136.109.111.23:47450] mod_qos(010): access denied, QS_LocRequestLimit* rule: /(100), concurrent requests=101, c=136.109.111.23, id=amt-t5SUkh3e5AhEJOBUSQAAAf8
[Thu Jul 30 11:41:27.731735 2026] [qos:error] [pid 643253:tid 643492] [client 136.109.111.23:0] mod_qos(010): access denied, QS_LocRequestLimit* rule: /(100), concurrent requests=101, c=50.6.112.84, id=amt-t8jqbtjBYzqM1uYilwAAAGw
[Thu Jul 30 11:41:27.784359 2026] [qos:error] [pid 642360:tid 642540] [client 136.109.111.23:47270] mod_qos(010): access denied, QS_LocRequestLimit* rule: /(100), concurrent requests=101, c=136.109.111.23, id=amt-t5SUkh3e5AhEJOBUTgAAAcE
[Thu Jul 30 11:41:27.794173 2026] [qos:error] [pid 643573:tid 643762] [client 136.109.111.23:0] mod_qos(010): access denied, QS_LocRequestLimit* rule: /(100), concurrent requests=101, c=50.6.112.84, id=amt-t_xWyxgRnoFKAJ_TOAAAAkg
[Thu Jul 30 11:41:27.850735 2026] [qos:error] [pid 642360:tid 642520] [client 136.109.111.23:47186] mod_qos(010): access denied, QS_LocRequestLimit* rule: /(100), concurrent requests=101, c=136.109.111.23, id=amt-t5SUkh3e5AhEJOBUUgAAAa0
[Thu Jul 30 11:41:27.852666 2026] [qos:error] [pid 642360:tid 642559] [client 136.109.111.23:47344] mod_qos(010): access denied, QS_LocRequestLimit* rule: /(100), concurrent requests=101, c=136.109.111.23, id=amt-t5SUkh3e5AhEJOBUUwAAAdQ
[Thu Jul 30 11:41:27.852844 2026] [qos:error] [pid 643573:tid 643759] [client 136.109.111.23:0] mod_qos(010): access denied, QS_LocRequestLimit* rule: /(100), concurrent requests=101, c=50.6.112.84, id=amt-t_xWyxgRnoFKAJ_TOQAAAkU
[Thu Jul 30 11:41:27.861859 2026] [qos:error] [pid 642360:tid 642528] [client 136.109.111.23:47618] mod_qos(010): access denied, QS_LocRequestLimit* rule: /(100), concurrent requests=101, c=136.109.111.23, id=amt-t5SUkh3e5AhEJOBUVQAAAbU
[Thu Jul 30 11:41:27.862146 2026] [qos:error] [pid 642360:tid 642601] [client 136.109.111.23:47412] mod_qos(010): access denied, QS_LocRequestLimit* rule: /(100), concurrent requests=101, c=136.109.111.23, id=amt-t5SUkh3e5AhEJOBUVgAAAf4
[Thu Jul 30 11:41:27.865562 2026] [qos:error] [pid 643573:tid 643758] [client 136.109.111.23:0] mod_qos(010): access denied, QS_LocRequestLimit* rule: /(100), concurrent requests=101, c=50.6.112.84, id=amt-t_xWyxgRnoFKAJ_TOwAAAkQ
[Thu Jul 30 11:41:27.877457 2026] [qos:error] [pid 642360:tid 642557] [client 136.109.111.23:47406] mod_qos(010): access denied, QS_LocRequestLimit* rule: /(100), concurrent requests=101, c=136.109.111.23, id=amt-t5SUkh3e5AhEJOBUWQAAAdI
[Thu Jul 30 11:41:27.878508 2026] [qos:error] [pid 642360:tid 642613] [client 136.109.111.23:0] mod_qos(010): access denied, QS_LocRequestLimit* rule: /(100), concurrent requests=101, c=50.6.112.84, id=amt-t5SUkh3e5AhEJOBUWgAAAgo
[Thu Jul 30 11:41:27.912856 2026] [security2:error] [pid 642360:tid 642560] [client 50.6.43.217:10962] ModSecurity: Warning. Matched phrase "Devil" at REQUEST_HEADERS:User-Agent. [file "/opt/mod_security/hg_rules.conf"] [line "168"] [id "350001"] [msg "BAD BOT - Detected LOGGING"] [data "200"] [hostname "black-devil-shop.com"] [uri "/wp-cron.php"] [unique_id "amt-t5SUkh3e5AhEJOBUXAAAAdU"]
[Thu Jul 30 11:41:27.916304 2026] [qos:error] [pid 642360:tid 642577] [client 136.109.111.23:47594] mod_qos(010): access denied, QS_LocRequestLimit* rule: /(100), concurrent requests=101, c=136.109.111.23, id=amt-t5SUkh3e5AhEJOBUXgAAAeY
[Thu Jul 30 11:41:27.919358 2026] [qos:error] [pid 642360:tid 642531] [client 136.109.111.23:47150] mod_qos(010): access denied, QS_LocRequestLimit* rule: /(100), concurrent requests=101, c=136.109.111.23, id=amt-t5SUkh3e5AhEJOBUYAAAAbg
[Thu Jul 30 11:41:27.919805 2026] [qos:error] [pid 642360:tid 642559] [client 136.109.111.23:47562] mod_qos(010): access denied, QS_LocRequestLimit* rule: /(100), concurrent requests=101, c=136.109.111.23, id=amt-t5SUkh3e5AhEJOBUYgAAAdQ
[Thu Jul 30 11:41:27.919814 2026] [qos:error] [pid 642360:tid 642520] [client 136.109.111.23:47558] mod_qos(010): access denied, QS_LocRequestLimit* rule: /(100), concurrent requests=102, c=136.109.111.23, id=amt-t5SUkh3e5AhEJOBUYQAAAa0
[Thu Jul 30 11:41:27.924113 2026] [qos:error] [pid 642360:tid 642612] [client 136.109.111.23:47532] mod_qos(010): access denied, QS_LocRequestLimit* rule: /(100), concurrent requests=101, c=136.109.111.23, id=amt-t5SUkh3e5AhEJOBUYwAAAgk
[Thu Jul 30 11:41:27.924590 2026] [qos:error] [pid 642360:tid 642558] [client 136.109.111.23:47384] mod_qos(010): access denied, QS_LocRequestLimit* rule: /(100), concurrent requests=101, c=136.109.111.23, id=amt-t5SUkh3e5AhEJOBUZAAAAdM
[Thu Jul 30 11:41:27.925381 2026] [qos:error] [pid 642360:tid 642523] [client 136.109.111.23:47306] mod_qos(010): access denied, QS_LocRequestLimit* rule: /(100), concurrent requests=101, c=136.109.111.23, id=amt-t5SUkh3e5AhEJOBUZgAAAbA
[Thu Jul 30 11:41:27.925537 2026] [qos:error] [pid 642360:tid 642502] [client 136.109.111.23:47550] mod_qos(010): access denied, QS_LocRequestLimit* rule: /(100), concurrent requests=101, c=136.109.111.23, id=amt-t5SUkh3e5AhEJOBUZQAAAZs
[Thu Jul 30 11:41:27.925632 2026] [qos:error] [pid 643573:tid 643756] [client 136.109.111.23:0] mod_qos(010): access denied, QS_LocRequestLimit* rule: /(100), concurrent requests=101, c=50.6.112.84, id=amt-t_xWyxgRnoFKAJ_TPAAAAkI
[Thu Jul 30 11:41:27.926009 2026] [qos:error] [pid 642360:tid 642528] [client 136.109.111.23:47690] mod_qos(010): access denied, QS_LocRequestLimit* rule: /(100), concurrent requests=101, c=136.109.111.23, id=amt-t5SUkh3e5AhEJOBUZwAAAbU
[Thu Jul 30 11:41:27.938241 2026] [qos:error] [pid 642360:tid 642542] [client 136.109.111.23:47832] mod_qos(010): access denied, QS_LocRequestLimit* rule: /(100), concurrent requests=101, c=136.109.111.23, id=amt-t5SUkh3e5AhEJOBUaQAAAcM
[Thu Jul 30 11:41:27.940923 2026] [qos:error] [pid 642360:tid 642578] [client 136.109.111.23:47446] mod_qos(010): access denied, QS_LocRequestLimit* rule: /(100), concurrent requests=101, c=136.109.111.23, id=amt-t5SUkh3e5AhEJOBUagAAAec
[Thu Jul 30 11:41:27.941042 2026] [qos:error] [pid 642360:tid 642606] [client 136.109.111.23:0] mod_qos(010): access denied, QS_LocRequestLimit* rule: /(100), concurrent requests=101, c=50.6.112.84, id=amt-t5SUkh3e5AhEJOBUawAAAgM
[Thu Jul 30 11:41:27.951001 2026] [qos:error] [pid 642360:tid 642593] [client 136.109.111.23:47498] mod_qos(010): access denied, QS_LocRequestLimit* rule: /(100), concurrent requests=101, c=136.109.111.23, id=amt-t5SUkh3e5AhEJOBUbQAAAfY
[Thu Jul 30 11:41:27.956049 2026] [qos:error] [pid 643573:tid 643766] [client 136.109.111.23:0] mod_qos(010): access denied, QS_LocRequestLimit* rule: /(100), concurrent requests=101, c=50.6.112.84, id=amt-t_xWyxgRnoFKAJ_TPwAAAkw
[Thu Jul 30 11:41:28.217199 2026] [security2:error] [pid 643253:tid 643417] [client 136.109.111.23:0] ModSecurity: Warning. Pattern match "301|404|302" at RESPONSE_STATUS. [file "/opt/mod_security/hg_rules.conf"] [line "1570"] [id "900934"] [msg "404 php LOGGING"] [data "301"] [hostname "cnpinyin.com"] [uri "/index.php"] [unique_id "amt-tsjqbtjBYzqM1uYiKAAAACE"]
[Thu Jul 30 11:41:28.247432 2026] [security2:error] [pid 642360:tid 642576] [client 57.141.0.39:0] ModSecurity: Warning. Pattern match "301|404|302" at RESPONSE_STATUS. [file "/opt/mod_security/hg_rules.conf"] [line "1570"] [id "900934"] [msg "404 php LOGGING"] [data "404"] [hostname "saifalkhaleejest.com"] [uri "/index.php"] [unique_id "amt-t5SUkh3e5AhEJOBUKQAAAeU"]
[Thu Jul 30 11:41:28.277237 2026] [security2:error] [pid 643253:tid 643421] [client 136.109.111.23:0] ModSecurity: Warning. Pattern match "301|404|302" at RESPONSE_STATUS. [file "/opt/mod_security/hg_rules.conf"] [line "1570"] [id "900934"] [msg "404 php LOGGING"] [data "301"] [hostname "cnpinyin.com"] [uri "/index.php"] [unique_id "amt-tsjqbtjBYzqM1uYiKwAAACU"]
[Thu Jul 30 11:41:28.286683 2026] [security2:error] [pid 643253:tid 643419] [client 136.109.111.23:0] ModSecurity: Warning. Pattern match "301|404|302" at RESPONSE_STATUS. [file "/opt/mod_security/hg_rules.conf"] [line "1570"] [id "900934"] [msg "404 php LOGGING"] [data "301"] [hostname "cnpinyin.com"] [uri "/index.php"] [unique_id "amt-tsjqbtjBYzqM1uYiKQAAACM"]
[Thu Jul 30 11:41:28.294157 2026] [security2:error] [pid 643253:tid 643411] [client 136.109.111.23:0] ModSecurity: Warning. Pattern match "301|404|302" at RESPONSE_STATUS. [file "/opt/mod_security/hg_rules.conf"] [line "1570"] [id "900934"] [msg "404 php LOGGING"] [data "301"] [hostname "cnpinyin.com"] [uri "/index.php"] [unique_id "amt-tsjqbtjBYzqM1uYiGwAAABs"]
[Thu Jul 30 11:41:28.374770 2026] [security2:error] [pid 642360:tid 642536] [client 136.109.111.23:0] ModSecurity: Warning. Pattern match "301|404|302" at RESPONSE_STATUS. [file "/opt/mod_security/hg_rules.conf"] [line "1570"] [id "900934"] [msg "404 php LOGGING"] [data "301"] [hostname "cnpinyin.com"] [uri "/index.php"] [unique_id "amt-tpSUkh3e5AhEJOBTlgAAAb0"]
[Thu Jul 30 11:41:28.378464 2026] [security2:error] [pid 643253:tid 643426] [client 136.109.111.23:0] ModSecurity: Warning. Pattern match "301|404|302" at RESPONSE_STATUS. [file "/opt/mod_security/hg_rules.conf"] [line "1570"] [id "900934"] [msg "404 php LOGGING"] [data "301"] [hostname "cnpinyin.com"] [uri "/index.php"] [unique_id "amt-tsjqbtjBYzqM1uYiMAAAACo"]
[Thu Jul 30 11:41:28.389288 2026] [security2:error] [pid 642360:tid 642597] [client 136.109.111.23:0] ModSecurity: Warning. Pattern match "301|404|302" at RESPONSE_STATUS. [file "/opt/mod_security/hg_rules.conf"] [line "1570"] [id "900934"] [msg "404 php LOGGING"] [data "301"] [hostname "cnpinyin.com"] [uri "/index.php"] [unique_id "amt-tpSUkh3e5AhEJOBTlAAAAfo"]
[Thu Jul 30 11:41:29.311057 2026] [security2:error] [pid 642360:tid 642560] [client 68.221.186.136:22271] ModSecurity: Access denied with code 409 (phase 1). RBL lookup of 136.186.221.68.vulnscan.websitewelcome.com succeeded at REMOTE_ADDR. [file "/opt/mod_security/hg_rules.conf"] [line "1566"] [id "900933"] [msg "Vulnerability Scan RBL: vulnscan.websitewelcome.com"] [hostname "webdisk.nordeste1.com"] [uri "/.tmb/LA.php"] [unique_id "amt-uZSUkh3e5AhEJOBUjAAAAdU"]
[Thu Jul 30 11:41:29.316730 2026] [security2:error] [pid 643253:tid 643432] [client 136.109.111.23:0] ModSecurity: Warning. Pattern match "301|404|302" at RESPONSE_STATUS. [file "/opt/mod_security/hg_rules.conf"] [line "1570"] [id "900934"] [msg "404 php LOGGING"] [data "301"] [hostname "cnpinyin.com"] [uri "/index.php"] [unique_id "amt-tsjqbtjBYzqM1uYiOAAAADA"]
[Thu Jul 30 11:41:29.342804 2026] [security2:error] [pid 642360:tid 642499] [client 136.109.111.23:0] ModSecurity: Warning. Pattern match "301|404|302" at RESPONSE_STATUS. [file "/opt/mod_security/hg_rules.conf"] [line "1570"] [id "900934"] [msg "404 php LOGGING"] [data "301"] [hostname "cnpinyin.com"] [uri "/index.php"] [unique_id "amt-tpSUkh3e5AhEJOBToQAAAZg"]
[Thu Jul 30 11:41:29.383557 2026] [security2:error] [pid 643573:tid 643684] [remote 103.20.243.198:0] ModSecurity: Access denied with code 409 (phase 1). RBL lookup of 198.243.20.103.testwprbl.websitewelcome.com succeeded at REMOTE_ADDR. [file "/opt/mod_security/hg_rules.conf"] [line "176"] [id "900407"] [msg "Wordpress and Joomla Brute RBL: testwprbl.websitewelcome.com"] [hostname "spececigarette.com"] [uri "/xmlrpc.php"] [unique_id "amt-ufxWyxgRnoFKAJ_TUAACfWc"]
[Thu Jul 30 11:41:29.383805 2026] [security2:error] [pid 643573:tid 643815] [client 103.20.243.198:0] ModSecurity: Warning. Pattern match "POST" at REQUEST_METHOD. [file "/opt/mod_security/hg_rules.conf"] [line "151"] [id "900405"] [msg "xmlrpc POST logging"] [data "409"] [hostname "spececigarette.com"] [uri "/xmlrpc.php"] [unique_id "amt-ufxWyxgRnoFKAJ_TUAACfWc"]
[Thu Jul 30 11:41:29.436630 2026] [security2:error] [pid 643573:tid 643813] [client 176.241.66.87:53644] ModSecurity: Access denied with code 409 (phase 1). RBL lookup of 87.66.241.176.testwprbl.websitewelcome.com succeeded at REMOTE_ADDR. [file "/opt/mod_security/hg_rules.conf"] [line "176"] [id "900407"] [msg "Wordpress and Joomla Brute RBL: testwprbl.websitewelcome.com"] [hostname "seven-stars-shop.com"] [uri "/xmlrpc.php"] [unique_id "amt-ufxWyxgRnoFKAJ_TUwAAAns"]
[Thu Jul 30 11:41:29.436809 2026] [security2:error] [pid 643573:tid 643813] [client 176.241.66.87:53644] ModSecurity: Warning. Pattern match "POST" at REQUEST_METHOD. [file "/opt/mod_security/hg_rules.conf"] [line "151"] [id "900405"] [msg "xmlrpc POST logging"] [data "409"] [hostname "seven-stars-shop.com"] [uri "/xmlrpc.php"] [unique_id "amt-ufxWyxgRnoFKAJ_TUwAAAns"]
[Thu Jul 30 11:41:29.579231 2026] [security2:error] [pid 643573:tid 643803] [client 2a03:2880:f800:26:::0] ModSecurity: Warning. Pattern match "301|404|302" at RESPONSE_STATUS. [file "/opt/mod_security/hg_rules.conf"] [line "1570"] [id "900934"] [msg "404 php LOGGING"] [data "404"] [hostname "allmontecristi.com"] [uri "/index.php"] [unique_id "amt-uPxWyxgRnoFKAJ_TRwACcWQ"]
[Thu Jul 30 11:41:30.047280 2026] [security2:error] [pid 642360:tid 642584] [client 68.221.186.136:20272] ModSecurity: Access denied with code 409 (phase 1). RBL lookup of 136.186.221.68.vulnscan.websitewelcome.com succeeded at REMOTE_ADDR. [file "/opt/mod_security/hg_rules.conf"] [line "1566"] [id "900933"] [msg "Vulnerability Scan RBL: vulnscan.websitewelcome.com"] [hostname "webdisk.nordeste1.com"] [uri "/.tmb/admin.php"] [unique_id "amt-upSUkh3e5AhEJOBUoAAAAe0"]
[Thu Jul 30 11:41:30.241115 2026] [security2:error] [pid 643253:tid 643430] [client 136.109.111.23:0] ModSecurity: Warning. Pattern match "301|404|302" at RESPONSE_STATUS. [file "/opt/mod_security/hg_rules.conf"] [line "1570"] [id "900934"] [msg "404 php LOGGING"] [data "301"] [hostname "cnpinyin.com"] [uri "/index.php"] [unique_id "amt-tsjqbtjBYzqM1uYiNQAAAC4"]
[Thu Jul 30 11:41:30.297106 2026] [security2:error] [pid 643253:tid 643438] [client 136.109.111.23:0] ModSecurity: Warning. Pattern match "301|404|302" at RESPONSE_STATUS. [file "/opt/mod_security/hg_rules.conf"] [line "1570"] [id "900934"] [msg "404 php LOGGING"] [data "301"] [hostname "cnpinyin.com"] [uri "/index.php"] [unique_id "amt-tsjqbtjBYzqM1uYiPgAAADY"]
[Thu Jul 30 11:41:30.315796 2026] [security2:error] [pid 643253:tid 643442] [client 136.109.111.23:0] ModSecurity: Warning. Pattern match "301|404|302" at RESPONSE_STATUS. [file "/opt/mod_security/hg_rules.conf"] [line "1570"] [id "900934"] [msg "404 php LOGGING"] [data "301"] [hostname "cnpinyin.com"] [uri "/index.php"] [unique_id "amt-tsjqbtjBYzqM1uYiPwAAADo"]
[Thu Jul 30 11:41:30.338282 2026] [security2:error] [pid 643253:tid 643452] [client 136.109.111.23:0] ModSecurity: Warning. Pattern match "301|404|302" at RESPONSE_STATUS. [file "/opt/mod_security/hg_rules.conf"] [line "1570"] [id "900934"] [msg "404 php LOGGING"] [data "301"] [hostname "cnpinyin.com"] [uri "/index.php"] [unique_id "amt-tsjqbtjBYzqM1uYiSAAAAEQ"]
[Thu Jul 30 11:41:30.342208 2026] [security2:error] [pid 643253:tid 643439] [client 136.109.111.23:0] ModSecurity: Warning. Pattern match "301|404|302" at RESPONSE_STATUS. [file "/opt/mod_security/hg_rules.conf"] [line "1570"] [id "900934"] [msg "404 php LOGGING"] [data "301"] [hostname "cnpinyin.com"] [uri "/index.php"] [unique_id "amt-tsjqbtjBYzqM1uYiPQAAADc"]
[Thu Jul 30 11:41:31.224821 2026] [security2:error] [pid 643253:tid 643436] [client 136.109.111.23:0] ModSecurity: Warning. Pattern match "301|404|302" at RESPONSE_STATUS. [file "/opt/mod_security/hg_rules.conf"] [line "1570"] [id "900934"] [msg "404 php LOGGING"] [data "301"] [hostname "cnpinyin.com"] [uri "/index.php"] [unique_id "amt-tsjqbtjBYzqM1uYiPAAAADQ"]
[Thu Jul 30 11:41:31.242134 2026] [security2:error] [pid 643573:tid 643802] [client 68.221.186.136:22250] ModSecurity: Access denied with code 409 (phase 1). RBL lookup of 136.186.221.68.vulnscan.websitewelcome.com succeeded at REMOTE_ADDR. [file "/opt/mod_security/hg_rules.conf"] [line "1566"] [id "900933"] [msg "Vulnerability Scan RBL: vulnscan.websitewelcome.com"] [hostname "webdisk.nordeste1.com"] [uri "/.tmb/class_api.php"] [unique_id "amt-u_xWyxgRnoFKAJ_TYAAAAnA"]
[Thu Jul 30 11:41:31.309187 2026] [security2:error] [pid 643253:tid 643475] [client 136.109.111.23:0] ModSecurity: Warning. Pattern match "301|404|302" at RESPONSE_STATUS. [file "/opt/mod_security/hg_rules.conf"] [line "1570"] [id "900934"] [msg "404 php LOGGING"] [data "301"] [hostname "cnpinyin.com"] [uri "/index.php"] [unique_id "amt-tsjqbtjBYzqM1uYiewAAAFs"]
[Thu Jul 30 11:41:31.311590 2026] [security2:error] [pid 643253:tid 643510] [client 136.109.111.23:0] ModSecurity: Warning. Pattern match "301|404|302" at RESPONSE_STATUS. [file "/opt/mod_security/hg_rules.conf"] [line "1570"] [id "900934"] [msg "404 php LOGGING"] [data "301"] [hostname "cnpinyin.com"] [uri "/index.php"] [unique_id "amt-tsjqbtjBYzqM1uYibgAAAH4"]
[Thu Jul 30 11:41:31.312798 2026] [security2:error] [pid 643253:tid 643461] [client 136.109.111.23:0] ModSecurity: Warning. Pattern match "301|404|302" at RESPONSE_STATUS. [file "/opt/mod_security/hg_rules.conf"] [line "1570"] [id "900934"] [msg "404 php LOGGING"] [data "301"] [hostname "cnpinyin.com"] [uri "/index.php"] [unique_id "amt-tsjqbtjBYzqM1uYicwAAAE0"]
[Thu Jul 30 11:41:31.324035 2026] [security2:error] [pid 643253:tid 643456] [client 136.109.111.23:0] ModSecurity: Warning. Pattern match "301|404|302" at RESPONSE_STATUS. [file "/opt/mod_security/hg_rules.conf"] [line "1570"] [id "900934"] [msg "404 php LOGGING"] [data "301"] [hostname "cnpinyin.com"] [uri "/index.php"] [unique_id "amt-tsjqbtjBYzqM1uYidwAAAEg"]
[Thu Jul 30 11:41:31.330105 2026] [security2:error] [pid 643253:tid 643445] [client 136.109.111.23:0] ModSecurity: Warning. Pattern match "301|404|302" at RESPONSE_STATUS. [file "/opt/mod_security/hg_rules.conf"] [line "1570"] [id "900934"] [msg "404 php LOGGING"] [data "301"] [hostname "cnpinyin.com"] [uri "/index.php"] [unique_id "amt-tsjqbtjBYzqM1uYibwAAAD0"]
[Thu Jul 30 11:41:31.337893 2026] [security2:error] [pid 643253:tid 643490] [client 136.109.111.23:0] ModSecurity: Warning. Pattern match "301|404|302" at RESPONSE_STATUS. [file "/opt/mod_security/hg_rules.conf"] [line "1570"] [id "900934"] [msg "404 php LOGGING"] [data "301"] [hostname "cnpinyin.com"] [uri "/index.php"] [unique_id "amt-t8jqbtjBYzqM1uYigwAAAGo"]
[Thu Jul 30 11:41:31.974882 2026] [security2:error] [pid 643573:tid 643825] [client 68.221.186.136:14602] ModSecurity: Access denied with code 409 (phase 1). RBL lookup of 136.186.221.68.vulnscan.websitewelcome.com succeeded at REMOTE_ADDR. [file "/opt/mod_security/hg_rules.conf"] [line "1566"] [id "900933"] [msg "Vulnerability Scan RBL: vulnscan.websitewelcome.com"] [hostname "webdisk.nordeste1.com"] [uri "/.tmb/cpabpkyk.php"] [unique_id "amt-u_xWyxgRnoFKAJ_TZgAAAoc"]
[Thu Jul 30 11:41:32.258756 2026] [security2:error] [pid 643253:tid 643509] [client 136.109.111.23:0] ModSecurity: Warning. Pattern match "301|404|302" at RESPONSE_STATUS. [file "/opt/mod_security/hg_rules.conf"] [line "1570"] [id "900934"] [msg "404 php LOGGING"] [data "301"] [hostname "cnpinyin.com"] [uri "/index.php"] [unique_id "amt-tsjqbtjBYzqM1uYibQAAAH0"]
[Thu Jul 30 11:41:33.060179 2026] [security2:error] [pid 642360:tid 642597] [client 68.221.186.136:14620] ModSecurity: Access denied with code 409 (phase 1). RBL lookup of 136.186.221.68.vulnscan.websitewelcome.com succeeded at REMOTE_ADDR. [file "/opt/mod_security/hg_rules.conf"] [line "1566"] [id "900933"] [msg "Vulnerability Scan RBL: vulnscan.websitewelcome.com"] [hostname "webdisk.nordeste1.com"] [uri "/.tmb/wp-login.php"] [unique_id "amt-vJSUkh3e5AhEJOBU0wAAAfo"]
[Thu Jul 30 11:41:33.579282 2026] [security2:error] [pid 643573:tid 643764] [client 2001:4490:4c45:dc24:94c3:b7bb:7bfb:46e1:0] ModSecurity: Warning. Pattern match "POST" at REQUEST_METHOD. [file "/opt/mod_security/hg_rules.conf"] [line "151"] [id "900405"] [msg "xmlrpc POST logging"] [data "200"] [hostname "blsspainvisacenterpakistan.site"] [uri "/xmlrpc.php"] [unique_id "amt-vfxWyxgRnoFKAJ_TcgACSiQ"]
[Thu Jul 30 11:41:33.620864 2026] [access_compat:error] [pid 643573:tid 643750] [client 157.245.105.107:57702] AH01797: client denied by server configuration: /home1/lomgzjte/public_html/web/server-status
[Thu Jul 30 11:41:33.774452 2026] [security2:error] [pid 643573:tid 643829] [client 66.249.68.32:0] ModSecurity: Warning. Pattern match "301|404|302" at RESPONSE_STATUS. [file "/opt/mod_security/hg_rules.conf"] [line "1570"] [id "900934"] [msg "404 php LOGGING"] [data "301"] [hostname "www.dapperdangolf.com"] [uri "/index.php"] [unique_id "amt-u_xWyxgRnoFKAJ_TXwACiyA"]
[Thu Jul 30 11:41:33.874527 2026] [security2:error] [pid 643573:tid 643732] [client 68.221.186.136:18153] ModSecurity: Access denied with code 409 (phase 1). RBL lookup of 136.186.221.68.vulnscan.websitewelcome.com succeeded at REMOTE_ADDR. [file "/opt/mod_security/hg_rules.conf"] [line "1566"] [id "900933"] [msg "Vulnerability Scan RBL: vulnscan.websitewelcome.com"] [hostname "webdisk.nordeste1.com"] [uri "/.well-known//.well-known/owlmailer.php"] [unique_id "amt-vfxWyxgRnoFKAJ_TdAAAAio"]
[Thu Jul 30 11:41:34.122600 2026] [security2:error] [pid 643253:tid 643260] [remote 209.42.18.223:40882] ModSecurity: Access denied with code 409 (phase 1). RBL lookup of 223.18.42.209.testwprbl.websitewelcome.com succeeded at REMOTE_ADDR. [file "/opt/mod_security/hg_rules.conf"] [line "176"] [id "900407"] [msg "Wordpress and Joomla Brute RBL: testwprbl.websitewelcome.com"] [hostname "wce.gzj.temporary.site"] [uri "/wp-login.php"] [unique_id "amt-vsjqbtjBYzqM1uYiqQAAAgU"]
[Thu Jul 30 11:41:34.495466 2026] [security2:error] [pid 643573:tid 643753] [client 68.221.186.136:14882] ModSecurity: Access denied with code 409 (phase 1). RBL lookup of 136.186.221.68.vulnscan.websitewelcome.com succeeded at REMOTE_ADDR. [file "/opt/mod_security/hg_rules.conf"] [line "1566"] [id "900933"] [msg "Vulnerability Scan RBL: vulnscan.websitewelcome.com"] [hostname "webdisk.nordeste1.com"] [uri "/.well-known/991176.php"] [unique_id "amt-vvxWyxgRnoFKAJ_TewAAAj8"]
[Thu Jul 30 11:41:34.732394 2026] [security2:error] [pid 642360:tid 642411] [remote 208.122.213.225:60670] ModSecurity: Access denied with code 409 (phase 1). RBL lookup of 225.213.122.208.testwprbl.websitewelcome.com succeeded at REMOTE_ADDR. [file "/opt/mod_security/hg_rules.conf"] [line "176"] [id "900407"] [msg "Wordpress and Joomla Brute RBL: testwprbl.websitewelcome.com"] [hostname "daralnaseemdxb.com"] [uri "/wp-login.php"] [unique_id "amt-vpSUkh3e5AhEJOBU7gABmjI"]
[Thu Jul 30 11:41:35.968533 2026] [security2:error] [pid 643573:tid 643782] [client 68.221.186.136:14889] ModSecurity: Access denied with code 409 (phase 1). RBL lookup of 136.186.221.68.vulnscan.websitewelcome.com succeeded at REMOTE_ADDR. [file "/opt/mod_security/hg_rules.conf"] [line "1566"] [id "900933"] [msg "Vulnerability Scan RBL: vulnscan.websitewelcome.com"] [hostname "webdisk.nordeste1.com"] [uri "/.well-known/acme-challenge/adminfuns.php"] [unique_id "amt-v_xWyxgRnoFKAJ_ThwAAAlw"]
[Thu Jul 30 11:41:36.089623 2026] [proxy:error] [pid 642360:tid 642545] (111)Connection refused: AH00957: http: attempt to connect to 127.0.0.1:2079 (127.0.0.1:2079) failed
[Thu Jul 30 11:41:36.089675 2026] [proxy_http:error] [pid 642360:tid 642545] [client 193.47.62.167:45826] AH01114: HTTP: failed to make connection to backend: 127.0.0.1
[Thu Jul 30 11:41:36.090246 2026] [proxy:error] [pid 642360:tid 642545] (111)Connection refused: AH00957: http: attempt to connect to 127.0.0.1:2079 (127.0.0.1:2079) failed
[Thu Jul 30 11:41:36.090292 2026] [proxy_http:error] [pid 642360:tid 642545] [client 193.47.62.167:45826] AH01114: HTTP: failed to make connection to backend: 127.0.0.1
[Thu Jul 30 11:41:37.189467 2026] [core:notice] [pid 642360:tid 642586] AH00113: /home1/vdbnyxte/public_html/website_2258ef87/.htaccess:22 cannot use a full URL in a 401 ErrorDocument directive --- ignoring!
[Thu Jul 30 11:41:37.918800 2026] [core:notice] [pid 642360:tid 642574] AH00113: /home1/vdbnyxte/public_html/website_2258ef87/.htaccess:22 cannot use a full URL in a 401 ErrorDocument directive --- ignoring!
[Thu Jul 30 11:41:38.132060 2026] [security2:error] [pid 643573:tid 643729] [client 43.172.194.63:45554] ModSecurity: Warning. Pattern match "301|404|302" at RESPONSE_STATUS. [file "/opt/mod_security/hg_rules.conf"] [line "1570"] [id "900934"] [msg "404 php LOGGING"] [data "301"] [hostname "dlr.djb.temporary.site"] [uri "/index.php"] [unique_id "amt-wfxWyxgRnoFKAJ_TmQAAAic"]
[Thu Jul 30 11:41:38.617898 2026] [core:error] [pid 643573:tid 643735] [client 52.4.19.39:0] AH00124: Request exceeded the limit of 10 internal redirects due to probable configuration error. Use 'LimitInternalRecursion' to increase the limit if necessary. Use 'LogLevel debug' to get a backtrace.
[Thu Jul 30 11:41:38.617923 2026] [core:error] [pid 643573:tid 643735] [client 52.4.19.39:0] AH00124: Request exceeded the limit of 10 internal redirects due to probable configuration error. Use 'LimitInternalRecursion' to increase the limit if necessary. Use 'LogLevel debug' to get a backtrace.
[Thu Jul 30 11:41:38.620359 2026] [core:error] [pid 642360:tid 642497] [client 44.213.206.96:0] AH00124: Request exceeded the limit of 10 internal redirects due to probable configuration error. Use 'LimitInternalRecursion' to increase the limit if necessary. Use 'LogLevel debug' to get a backtrace.
[Thu Jul 30 11:41:38.620390 2026] [core:error] [pid 642360:tid 642497] [client 44.213.206.96:0] AH00124: Request exceeded the limit of 10 internal redirects due to probable configuration error. Use 'LimitInternalRecursion' to increase the limit if necessary. Use 'LogLevel debug' to get a backtrace.
[Thu Jul 30 11:41:38.624035 2026] [core:error] [pid 643573:tid 643762] [client 52.4.19.39:0] AH00124: Request exceeded the limit of 10 internal redirects due to probable configuration error. Use 'LimitInternalRecursion' to increase the limit if necessary. Use 'LogLevel debug' to get a backtrace.
[Thu Jul 30 11:41:38.624054 2026] [core:error] [pid 643573:tid 643762] [client 52.4.19.39:0] AH00124: Request exceeded the limit of 10 internal redirects due to probable configuration error. Use 'LimitInternalRecursion' to increase the limit if necessary. Use 'LogLevel debug' to get a backtrace.
[Thu Jul 30 11:41:38.664219 2026] [core:error] [pid 643253:tid 643451] [client 52.4.19.39:0] AH00124: Request exceeded the limit of 10 internal redirects due to probable configuration error. Use 'LimitInternalRecursion' to increase the limit if necessary. Use 'LogLevel debug' to get a backtrace.
[Thu Jul 30 11:41:38.664242 2026] [core:error] [pid 643253:tid 643451] [client 52.4.19.39:0] AH00124: Request exceeded the limit of 10 internal redirects due to probable configuration error. Use 'LimitInternalRecursion' to increase the limit if necessary. Use 'LogLevel debug' to get a backtrace.
[Thu Jul 30 11:41:38.664696 2026] [core:error] [pid 643573:tid 643755] [client 52.4.19.39:0] AH00124: Request exceeded the limit of 10 internal redirects due to probable configuration error. Use 'LimitInternalRecursion' to increase the limit if necessary. Use 'LogLevel debug' to get a backtrace.
[Thu Jul 30 11:41:38.664709 2026] [core:error] [pid 643573:tid 643755] [client 52.4.19.39:0] AH00124: Request exceeded the limit of 10 internal redirects due to probable configuration error. Use 'LimitInternalRecursion' to increase the limit if necessary. Use 'LogLevel debug' to get a backtrace.
[Thu Jul 30 11:41:38.707131 2026] [security2:error] [pid 642360:tid 642577] [client 68.221.186.136:18574] ModSecurity: Access denied with code 409 (phase 1). RBL lookup of 136.186.221.68.vulnscan.websitewelcome.com succeeded at REMOTE_ADDR. [file "/opt/mod_security/hg_rules.conf"] [line "1566"] [id "900933"] [msg "Vulnerability Scan RBL: vulnscan.websitewelcome.com"] [hostname "webdisk.nordeste1.com"] [uri "/.well-known/acme-challenge/atomlib.php"] [unique_id "amt-wpSUkh3e5AhEJOBVLgAAAeY"]
[Thu Jul 30 11:41:38.940887 2026] [security2:error] [pid 642360:tid 642404] [remote 57.141.0.63:23146] ModSecurity: Access denied with code 409 (phase 1). RBL lookup of 63.0.141.57.vulnscan.websitewelcome.com succeeded at REMOTE_ADDR. [file "/opt/mod_security/hg_rules.conf"] [line "1566"] [id "900933"] [msg "Vulnerability Scan RBL: vulnscan.websitewelcome.com"] [hostname "thdinfinity.com"] [uri "/search/45275225219/feed/rss2/"] [unique_id "amt-wpSUkh3e5AhEJOBVMQABvis"]
[Thu Jul 30 11:41:39.119079 2026] [security2:error] [pid 643573:tid 643742] [client 57.141.0.3:0] ModSecurity: Warning. Pattern match "301|404|302" at RESPONSE_STATUS. [file "/opt/mod_security/hg_rules.conf"] [line "1570"] [id "900934"] [msg "404 php LOGGING"] [data "404"] [hostname "saifalkhaleejest.com"] [uri "/index.php"] [unique_id "amt-wvxWyxgRnoFKAJ_TowAAAjQ"]
[Thu Jul 30 11:41:39.550940 2026] [security2:error] [pid 643573:tid 643797] [client 68.221.186.136:18842] ModSecurity: Access denied with code 409 (phase 1). RBL lookup of 136.186.221.68.vulnscan.websitewelcome.com succeeded at REMOTE_ADDR. [file "/opt/mod_security/hg_rules.conf"] [line "1566"] [id "900933"] [msg "Vulnerability Scan RBL: vulnscan.websitewelcome.com"] [hostname "webdisk.nordeste1.com"] [uri "/.well-known/acme-challenge/classsmtps.php"] [unique_id "amt-w_xWyxgRnoFKAJ_TvQAAAms"]
[Thu Jul 30 11:41:40.037315 2026] [core:notice] [pid 643573:tid 643781] AH00113: /home1/vdbnyxte/public_html/website_2258ef87/.htaccess:22 cannot use a full URL in a 401 ErrorDocument directive --- ignoring!
[Thu Jul 30 11:41:40.056071 2026] [security2:error] [pid 643573:tid 643769] [client 176.241.66.87:54178] ModSecurity: Access denied with code 409 (phase 1). RBL lookup of 87.66.241.176.testwprbl.websitewelcome.com succeeded at REMOTE_ADDR. [file "/opt/mod_security/hg_rules.conf"] [line "176"] [id "900407"] [msg "Wordpress and Joomla Brute RBL: testwprbl.websitewelcome.com"] [hostname "seven-stars-shop.com"] [uri "/xmlrpc.php"] [unique_id "amt-xPxWyxgRnoFKAJ_TwgAAAk8"]
[Thu Jul 30 11:41:40.056192 2026] [security2:error] [pid 643573:tid 643769] [client 176.241.66.87:54178] ModSecurity: Warning. Pattern match "POST" at REQUEST_METHOD. [file "/opt/mod_security/hg_rules.conf"] [line "151"] [id "900405"] [msg "xmlrpc POST logging"] [data "409"] [hostname "seven-stars-shop.com"] [uri "/xmlrpc.php"] [unique_id "amt-xPxWyxgRnoFKAJ_TwgAAAk8"]
[Thu Jul 30 11:41:40.106317 2026] [core:error] [pid 642360:tid 642526] [client 191.96.227.82:0] AH00124: Request exceeded the limit of 10 internal redirects due to probable configuration error. Use 'LimitInternalRecursion' to increase the limit if necessary. Use 'LogLevel debug' to get a backtrace., referer: https://airevoduct.ltd/
